{"id":513194,"date":"2026-04-30T18:11:44","date_gmt":"2026-04-30T16:11:44","guid":{"rendered":"https:\/\/power-fishing.shop\/?post_type=product&#038;p=513194"},"modified":"2026-04-30T18:11:44","modified_gmt":"2026-04-30T16:11:44","slug":"pinkshrimp-popup","status":"publish","type":"product","link":"https:\/\/power-fishing.shop\/?product=pinkshrimp-popup","title":{"rendered":"Pink&#038;Shrimp Popup"},"content":{"rendered":"<p>Pink&Shrimp, ein mehr als w\u00fcrdiger Nachfolger f\u00fcr den Pink Shrimp Popup.\u00a0 Die wei\u00dfe Seite mit einem geh\u00f6rigen anteil fein gemahlener Garnelen, die pinke Seite daf\u00fcr UV-aktiv.<\/p>\n<p>Sensationeller Aufgtrieb, so da\u00df teils schon ein halber reicht um einen gro\u00dfen Deadcat aufzustellen. Die perfekte Erg\u00e4nzung f\u00fcr das Wallerangeln mit den Deadcat.<\/p>\n<p>Gr\u00f6\u00dfe: 21 mm<br \/>\nInhalt: 50 gr<\/p>\n","protected":false},"excerpt":{"rendered":"<p>Pink&#038;Shrimp, ein mehr als w\u00fcrdiger Nachfolger f\u00fcr den Pink Shrimp Popup.\u00a0 Die wei\u00dfe Seite mit einem geh\u00f6rigen anteil fein gemahlener Garnelen, die pinke Seite daf\u00fcr UV-aktiv. Sensationeller Aufgtrieb, so da\u00df teils schon ein halber reicht um einen gro\u00dfen Deadcat aufzustellen. Die perfekte Erg\u00e4nzung f\u00fcr das Wallerangeln mit den Deadcat. Gr\u00f6\u00dfe: 21 mm Inhalt: 50 gr<\/p>\n","protected":false},"featured_media":513197,"comment_status":"open","ping_status":"closed","template":"","meta":[],"product_brand":[],"product_cat":[32,157],"product_tag":[93,303,304,502],"class_list":{"0":"post-513194","1":"product","2":"type-product","3":"status-publish","4":"has-post-thumbnail","6":"product_cat-boilies-hookbaits","7":"product_cat-wallerkoeder","8":"product_tag-popup","9":"product_tag-shrimp","10":"product_tag-waller","11":"product_tag-deadcat-pink","13":"first","14":"instock","15":"taxable","16":"shipping-taxable","17":"purchasable","18":"product-type-simple"},"_links":{"self":[{"href":"https:\/\/power-fishing.shop\/index.php?rest_route=\/wp\/v2\/product\/513194","targetHints":{"allow":["GET"]}}],"collection":[{"href":"https:\/\/power-fishing.shop\/index.php?rest_route=\/wp\/v2\/product"}],"about":[{"href":"https:\/\/power-fishing.shop\/index.php?rest_route=\/wp\/v2\/types\/product"}],"replies":[{"embeddable":true,"href":"https:\/\/power-fishing.shop\/index.php?rest_route=%2Fwp%2Fv2%2Fcomments&post=513194"}],"version-history":[{"count":1,"href":"https:\/\/power-fishing.shop\/index.php?rest_route=\/wp\/v2\/product\/513194\/revisions"}],"predecessor-version":[{"id":513195,"href":"https:\/\/power-fishing.shop\/index.php?rest_route=\/wp\/v2\/product\/513194\/revisions\/513195"}],"wp:featuredmedia":[{"embeddable":true,"href":"https:\/\/power-fishing.shop\/index.php?rest_route=\/wp\/v2\/media\/513197"}],"wp:attachment":[{"href":"https:\/\/power-fishing.shop\/index.php?rest_route=%2Fwp%2Fv2%2Fmedia&parent=513194"}],"wp:term":[{"taxonomy":"product_brand","embeddable":true,"href":"https:\/\/power-fishing.shop\/index.php?rest_route=%2Fwp%2Fv2%2Fproduct_brand&post=513194"},{"taxonomy":"product_cat","embeddable":true,"href":"https:\/\/power-fishing.shop\/index.php?rest_route=%2Fwp%2Fv2%2Fproduct_cat&post=513194"},{"taxonomy":"product_tag","embeddable":true,"href":"https:\/\/power-fishing.shop\/index.php?rest_route=%2Fwp%2Fv2%2Fproduct_tag&post=513194"}],"curies":[{"name":"wp","href":"https:\/\/api.w.org\/{rel}","templated":true}]}}