{"id":513141,"date":"2026-02-10T10:16:02","date_gmt":"2026-02-10T09:16:02","guid":{"rendered":"https:\/\/power-fishing.shop\/?post_type=product&#038;p=513141"},"modified":"2026-02-10T10:16:04","modified_gmt":"2026-02-10T09:16:04","slug":"dreamline-carp-0-30mm-9-73kg-1200m-fluo-orange","status":"publish","type":"product","link":"https:\/\/power-fishing.shop\/?product=dreamline-carp-0-30mm-9-73kg-1200m-fluo-orange","title":{"rendered":"DREAMLINE CARP &#8211; 0.30mm\/9.73kg\/1200m &#8211; FLUO ORANGE"},"content":{"rendered":"<p>Hochwertige Angelschnur f\u00fcr das Karpfenangeln. Zeichnet sich durch sehr geringe Dehnbarkeit und enorme Abriebfestigkeit aus, beh\u00e4lt seine perfekte Weichheit und signifikante Masse bei und erleichtert das Einsinken, selbst wenn der Ort, an dem der K\u00f6der platziert wird, weit entfernt ist. Die perfekte Schnur f\u00fcr weiter, zielgenaue W\u00fcrfe.<\/p>\n<p>Durchmesser: 0.30 mm<\/p>\n<p>Tragkraft: 9.73 kg<\/p>\n<p>L\u00e4nge: 1200 m<\/p>\n","protected":false},"excerpt":{"rendered":"<p>Hochwertige Angelschnur f\u00fcr das Karpfenangeln. Zeichnet sich durch sehr geringe Dehnbarkeit und enorme Abriebfestigkeit aus, beh\u00e4lt seine perfekte Weichheit und signifikante Masse bei und erleichtert das Einsinken, selbst wenn der Ort, an dem der K\u00f6der platziert wird, weit entfernt ist. Die perfekte Schnur f\u00fcr weiter, zielgenaue W\u00fcrfe. Durchmesser: 0.30 mm Tragkraft: 9.73 kg L\u00e4nge: 1200 [&hellip;]<\/p>\n","protected":false},"featured_media":513142,"comment_status":"open","ping_status":"closed","template":"","meta":[],"product_brand":[],"product_cat":[193],"product_tag":[],"class_list":{"0":"post-513141","1":"product","2":"type-product","3":"status-publish","4":"has-post-thumbnail","6":"product_cat-schnuere-vorfaecher-leader","8":"first","9":"instock","10":"taxable","11":"shipping-taxable","12":"purchasable","13":"product-type-simple"},"_links":{"self":[{"href":"https:\/\/power-fishing.shop\/index.php?rest_route=\/wp\/v2\/product\/513141","targetHints":{"allow":["GET"]}}],"collection":[{"href":"https:\/\/power-fishing.shop\/index.php?rest_route=\/wp\/v2\/product"}],"about":[{"href":"https:\/\/power-fishing.shop\/index.php?rest_route=\/wp\/v2\/types\/product"}],"replies":[{"embeddable":true,"href":"https:\/\/power-fishing.shop\/index.php?rest_route=%2Fwp%2Fv2%2Fcomments&post=513141"}],"version-history":[{"count":1,"href":"https:\/\/power-fishing.shop\/index.php?rest_route=\/wp\/v2\/product\/513141\/revisions"}],"predecessor-version":[{"id":513143,"href":"https:\/\/power-fishing.shop\/index.php?rest_route=\/wp\/v2\/product\/513141\/revisions\/513143"}],"wp:featuredmedia":[{"embeddable":true,"href":"https:\/\/power-fishing.shop\/index.php?rest_route=\/wp\/v2\/media\/513142"}],"wp:attachment":[{"href":"https:\/\/power-fishing.shop\/index.php?rest_route=%2Fwp%2Fv2%2Fmedia&parent=513141"}],"wp:term":[{"taxonomy":"product_brand","embeddable":true,"href":"https:\/\/power-fishing.shop\/index.php?rest_route=%2Fwp%2Fv2%2Fproduct_brand&post=513141"},{"taxonomy":"product_cat","embeddable":true,"href":"https:\/\/power-fishing.shop\/index.php?rest_route=%2Fwp%2Fv2%2Fproduct_cat&post=513141"},{"taxonomy":"product_tag","embeddable":true,"href":"https:\/\/power-fishing.shop\/index.php?rest_route=%2Fwp%2Fv2%2Fproduct_tag&post=513141"}],"curies":[{"name":"wp","href":"https:\/\/api.w.org\/{rel}","templated":true}]}}