{"id":513061,"date":"2025-08-15T14:15:03","date_gmt":"2025-08-15T12:15:03","guid":{"rendered":"https:\/\/power-fishing.shop\/?post_type=product&#038;p=513061"},"modified":"2025-08-15T14:15:04","modified_gmt":"2025-08-15T12:15:04","slug":"feeder-booster-spray-50-ml","status":"publish","type":"product","link":"https:\/\/power-fishing.shop\/?product=feeder-booster-spray-50-ml","title":{"rendered":"Feeder Booster Spray 50 ml"},"content":{"rendered":"<p data-start=\"0\" data-end=\"91\"><strong data-start=\"0\" data-end=\"89\">\u00a0Liquid Baitbooster Spray \u2013 Angereichert mit Betain &amp; Aminos\u00e4uren<\/strong><\/p>\n<p data-start=\"93\" data-end=\"390\">Unser neuer <strong data-start=\"105\" data-end=\"133\">Liquid Baitbooster Spray<\/strong> ist die perfekte Geheimwaffe, um Ihren K\u00f6dern einen zus\u00e4tzlichen Attraktivit\u00e4ts-Boost zu verleihen. Die optimierte Rezeptur enth\u00e4lt eine kraftvolle Kombination aus Betain und wertvollen Aminos\u00e4uren, die Fische gezielt ansprechen und zum Anbiss verleiten.<\/p>\n<p data-start=\"392\" data-end=\"648\">Dank unserer <strong data-start=\"405\" data-end=\"421\">neuen Formel<\/strong> haftet der Booster noch besser und l\u00e4nger am K\u00f6der \u2013 selbst bei l\u00e4ngeren Angelphasen oder in st\u00e4rkerer Str\u00f6mung. Einfach aufspr\u00fchen, kurz einwirken lassen und schon wird Ihr K\u00f6der von einer intensiven Lockstoffwolke umh\u00fcllt.<\/p>\n<p data-start=\"650\" data-end=\"895\">Speziell von uns entwickelt f\u00fcr unsere <strong data-start=\"689\" data-end=\"704\">Feederbaits<\/strong>, entfaltet er seine volle Wirkung besonders gut beim Feederangeln. Gleichzeitig ist er auch <strong data-start=\"797\" data-end=\"817\">perfekt geeignet<\/strong>, um unsere <strong data-start=\"829\" data-end=\"850\">neuen Fluo PopUps<\/strong> oder andere Hakenk\u00f6der sofort aufzuwerten.<\/p>\n<p data-start=\"897\" data-end=\"912\"><strong data-start=\"897\" data-end=\"910\">Vorteile:<\/strong><\/p>\n<ul data-start=\"913\" data-end=\"1212\">\n<li data-start=\"913\" data-end=\"979\">\n<p data-start=\"915\" data-end=\"979\">Angereichert mit Betain &amp; Aminos\u00e4uren f\u00fcr maximale Lockwirkung<\/p>\n<\/li>\n<li data-start=\"980\" data-end=\"1029\">\n<p data-start=\"982\" data-end=\"1029\">Neue Formel mit verbesserter Haftung am K\u00f6der<\/p>\n<\/li>\n<li data-start=\"1030\" data-end=\"1098\">\n<p data-start=\"1032\" data-end=\"1098\">Speziell entwickelt f\u00fcr Feederbaits \u2013 auch ideal f\u00fcr Fluo PopUps<\/p>\n<\/li>\n<li data-start=\"1099\" data-end=\"1152\">\n<p data-start=\"1101\" data-end=\"1152\">Schnelle und einfache Anwendung dank Spr\u00fchflasche<\/p>\n<\/li>\n<li data-start=\"1153\" data-end=\"1212\">\n<p data-start=\"1155\" data-end=\"1212\">F\u00fcr Friedfische wie Karpfen, Brassen, Schleien und mehr<\/p>\n<\/li>\n<\/ul>\n<p data-start=\"1214\" data-end=\"1374\" data-is-last-node=\"\" data-is-only-node=\"\">Mit dem <strong data-start=\"1222\" data-end=\"1250\">Liquid Baitbooster Spray<\/strong> geben Sie Ihren K\u00f6dern den entscheidenden Vorteil \u2013 f\u00fcr mehr Bisse, schnellere Fangergebnisse und erfolgreichere Angeltage.<\/p>\n<p data-start=\"1214\" data-end=\"1374\" data-is-last-node=\"\" data-is-only-node=\"\">Inhalt: 50 ml<\/p>\n<p data-start=\"1214\" data-end=\"1374\" data-is-last-node=\"\" data-is-only-node=\"\">\nSorten:<\/p>\n<p data-start=\"1214\" data-end=\"1374\" data-is-last-node=\"\" data-is-only-node=\"\">Muschel &#8211; der selbe Flavour wie in unserem beliebten Phase IV Boilie<\/p>\n<p data-start=\"1214\" data-end=\"1374\" data-is-last-node=\"\" data-is-only-node=\"\">Orange &#8211; mit \u00e4therischem Orangenl\u00f6<\/p>\n<p data-start=\"1214\" data-end=\"1374\" data-is-last-node=\"\" data-is-only-node=\"\">Banana &#8211; fruchtiger und cremiger Bananegeruch<\/p>\n<p data-start=\"1214\" data-end=\"1374\" data-is-last-node=\"\" data-is-only-node=\"\">Karamell &amp; Cream &#8211; f\u00fcr alle die den Carmell Special Groundbait noch etwas boostern wollen<\/p>\n<p data-start=\"1214\" data-end=\"1374\" data-is-last-node=\"\" data-is-only-node=\"\">Strawberry Cream &#8211; erinnert an wunderbar fruchtiges Erdbeereis<\/p>\n<p data-start=\"1214\" data-end=\"1374\" data-is-last-node=\"\" data-is-only-node=\"\">Sweet King &#8211; die selbe Flavourmischung kommt auch bei unserem King Julian Boilie zum Einsatz<\/p>\n","protected":false},"excerpt":{"rendered":"<p>\u00a0Liquid Baitbooster Spray \u2013 Angereichert mit Betain &amp; Aminos\u00e4uren Unser neuer Liquid Baitbooster Spray ist die perfekte Geheimwaffe, um Ihren K\u00f6dern einen zus\u00e4tzlichen Attraktivit\u00e4ts-Boost zu verleihen. Die optimierte Rezeptur enth\u00e4lt eine kraftvolle Kombination aus Betain und wertvollen Aminos\u00e4uren, die Fische gezielt ansprechen und zum Anbiss verleiten. Dank unserer neuen Formel haftet der Booster noch besser [&hellip;]<\/p>\n","protected":false},"featured_media":512862,"comment_status":"open","ping_status":"closed","template":"","meta":[],"product_brand":[],"product_cat":[30,67,119,392],"product_tag":[],"class_list":{"0":"post-513061","1":"product","2":"type-product","3":"status-publish","4":"has-post-thumbnail","6":"product_cat-groundbait-stickmix","7":"product_cat-liquids-dips","8":"product_cat-unkategorisiert","9":"product_cat-booster-und-sprays","11":"first","12":"instock","13":"taxable","14":"shipping-taxable","15":"purchasable","16":"product-type-variable"},"_links":{"self":[{"href":"https:\/\/power-fishing.shop\/index.php?rest_route=\/wp\/v2\/product\/513061","targetHints":{"allow":["GET"]}}],"collection":[{"href":"https:\/\/power-fishing.shop\/index.php?rest_route=\/wp\/v2\/product"}],"about":[{"href":"https:\/\/power-fishing.shop\/index.php?rest_route=\/wp\/v2\/types\/product"}],"replies":[{"embeddable":true,"href":"https:\/\/power-fishing.shop\/index.php?rest_route=%2Fwp%2Fv2%2Fcomments&post=513061"}],"version-history":[{"count":3,"href":"https:\/\/power-fishing.shop\/index.php?rest_route=\/wp\/v2\/product\/513061\/revisions"}],"predecessor-version":[{"id":513070,"href":"https:\/\/power-fishing.shop\/index.php?rest_route=\/wp\/v2\/product\/513061\/revisions\/513070"}],"wp:featuredmedia":[{"embeddable":true,"href":"https:\/\/power-fishing.shop\/index.php?rest_route=\/wp\/v2\/media\/512862"}],"wp:attachment":[{"href":"https:\/\/power-fishing.shop\/index.php?rest_route=%2Fwp%2Fv2%2Fmedia&parent=513061"}],"wp:term":[{"taxonomy":"product_brand","embeddable":true,"href":"https:\/\/power-fishing.shop\/index.php?rest_route=%2Fwp%2Fv2%2Fproduct_brand&post=513061"},{"taxonomy":"product_cat","embeddable":true,"href":"https:\/\/power-fishing.shop\/index.php?rest_route=%2Fwp%2Fv2%2Fproduct_cat&post=513061"},{"taxonomy":"product_tag","embeddable":true,"href":"https:\/\/power-fishing.shop\/index.php?rest_route=%2Fwp%2Fv2%2Fproduct_tag&post=513061"}],"curies":[{"name":"wp","href":"https:\/\/api.w.org\/{rel}","templated":true}]}}