{"id":512895,"date":"2025-04-09T20:37:11","date_gmt":"2025-04-09T18:37:11","guid":{"rendered":"https:\/\/power-fishing.shop\/?post_type=product&#038;p=512895"},"modified":"2026-02-03T13:34:34","modified_gmt":"2026-02-03T12:34:34","slug":"aminosekt-baitaktivator","status":"publish","type":"product","link":"https:\/\/power-fishing.shop\/?product=aminosekt-baitaktivator","title":{"rendered":"Aminosekt Baitaktivator"},"content":{"rendered":"<p><strong>Aminosekt \u2013 Pulverf\u00f6rmiger Bait- &amp; Futteraktivator mit Garnelen, Insekten, Fischprotein, Leber, GLM &amp; Seidenraupen<\/strong><\/p>\n<p>Der <strong>Aminosekt<\/strong> ist ein hochkonzentrierter, <strong>pulverf\u00f6rmiger Aktivator<\/strong>, der deinen Boilies, Hakenk\u00f6dern oder Futtermischungen eine extra Portion Attraktivit\u00e4t verleiht. Die intensive Rezeptur aus Garnelenmehl, Insekten, Betain und hochwertigen Proteinquellen sorgt f\u00fcr einen nat\u00fcrlichen, unwiderstehlichen Lockeffekt \u2013 ideal f\u00fcr Winter und Fr\u00fchjahr und f\u00fcr scheue oder vorsichtige Fische.<\/p>\n<p><strong>Highlights:<\/strong><\/p>\n<ul>\n<li><strong>Garnelenmehl:<\/strong> Voller nat\u00fcrlicher Aminos\u00e4uren &amp; Meeresaroma<\/li>\n<li><strong>Insektenprotein:<\/strong> Bringt nat\u00fcrliche Struktur &amp; hohe Akzeptanz<\/li>\n<li><strong>Fischprotein<\/strong>: Bringt nat\u00fcrliche Struktur &amp; hohe Akzeptanz<\/li>\n<li><strong>GLM (Gr\u00fcnlippmuschel):<\/strong> Hochwirksamer nat\u00fcrlicher Attraktor mit intensivem Muschelaroma<\/li>\n<li><strong>Leberextrakt:<\/strong> Stark stimulierend &amp; besonders in kaltem Wasser effektiv<\/li>\n<li><strong>Fischmehl &amp; tierische Proteine:<\/strong> F\u00fcr langanhaltende Fressreize<\/li>\n<li><strong>Seidenraupenmehl:<\/strong> Proteinreich, \u00f6lhaltig &amp; ein echter Geheimtipp f\u00fcr Gro\u00dffisch<\/li>\n<li><strong>Betain &amp; stimulierende Additive:<\/strong> Aktivieren Fische auch bei Bei\u00dfflaute<\/li>\n<li><strong>Feine, haftende Pulverform:<\/strong> Perfekt zum Ummanteln &amp; Veredeln<\/li>\n<\/ul>\n<p><strong>Anwendung:<\/strong><br \/>\nEinfach den Hakenk\u00f6der leicht anfeuchten und im Pulver w\u00e4lzen \u2013 f\u00fcr eine intensive, haftende Lockschicht. Alternativ kannst du das Pulver direkt ins Futter mischen oder deine Boilies damit beschichten, um sie noch attraktiver zu machen.<\/p>\n<p><strong>Aminosekt gibt es in den folgenden 3 Varianten:<\/strong><\/p>\n<p>&nbsp;<\/p>\n<p>GLM: Mit einer ordentlichen Portion GLM und Insektenprotein<\/p>\n<p>Leber: Mit viel Rinder- und Gefl\u00fcgelleberextrakt<\/p>\n<p>Seidenraupen: Mit einer gro\u00dfen Portion Seidenraupenmehl<\/p>\n<p>Gr\u00f6\u00dfen: 250 g oder 500 g<\/p>\n","protected":false},"excerpt":{"rendered":"<p>Aminosekt \u2013 Pulverf\u00f6rmiger Bait- &amp; Futteraktivator mit Garnelen, Insekten, Fischprotein, Leber, GLM &amp; Seidenraupen Der Aminosekt ist ein hochkonzentrierter, pulverf\u00f6rmiger Aktivator, der deinen Boilies, Hakenk\u00f6dern oder Futtermischungen eine extra Portion Attraktivit\u00e4t verleiht. Die intensive Rezeptur aus Garnelenmehl, Insekten, Betain und hochwertigen Proteinquellen sorgt f\u00fcr einen nat\u00fcrlichen, unwiderstehlichen Lockeffekt \u2013 ideal f\u00fcr Winter und Fr\u00fchjahr und [&hellip;]<\/p>\n","protected":false},"featured_media":512922,"comment_status":"open","ping_status":"closed","template":"","meta":[],"product_brand":[],"product_cat":[299,336,341,342,343,344,30,32,416],"product_tag":[467,468,469,470,471,472,74,76],"class_list":{"0":"post-512895","1":"product","2":"type-product","3":"status-publish","4":"has-post-thumbnail","6":"product_cat-baitpasten-boilieteige","7":"product_cat-bananazym","8":"product_cat-krebs-muschel","9":"product_cat-phase-iv","10":"product_cat-red-hot-secret","11":"product_cat-bloodliver-2-0","12":"product_cat-groundbait-stickmix","13":"product_cat-boilies-hookbaits","14":"product_cat-fishn-feed","15":"product_tag-aminosekt","16":"product_tag-baitbooster","17":"product_tag-garnelen","18":"product_tag-leberextrak","19":"product_tag-fischprotein","20":"product_tag-glm","21":"product_tag-booster","22":"product_tag-leber","23":"pa_menge-250-gr","24":"pa_menge-500-g","26":"first","27":"instock","28":"taxable","29":"shipping-taxable","30":"purchasable","31":"product-type-variable"},"_links":{"self":[{"href":"https:\/\/power-fishing.shop\/index.php?rest_route=\/wp\/v2\/product\/512895","targetHints":{"allow":["GET"]}}],"collection":[{"href":"https:\/\/power-fishing.shop\/index.php?rest_route=\/wp\/v2\/product"}],"about":[{"href":"https:\/\/power-fishing.shop\/index.php?rest_route=\/wp\/v2\/types\/product"}],"replies":[{"embeddable":true,"href":"https:\/\/power-fishing.shop\/index.php?rest_route=%2Fwp%2Fv2%2Fcomments&post=512895"}],"version-history":[{"count":2,"href":"https:\/\/power-fishing.shop\/index.php?rest_route=\/wp\/v2\/product\/512895\/revisions"}],"predecessor-version":[{"id":513127,"href":"https:\/\/power-fishing.shop\/index.php?rest_route=\/wp\/v2\/product\/512895\/revisions\/513127"}],"wp:featuredmedia":[{"embeddable":true,"href":"https:\/\/power-fishing.shop\/index.php?rest_route=\/wp\/v2\/media\/512922"}],"wp:attachment":[{"href":"https:\/\/power-fishing.shop\/index.php?rest_route=%2Fwp%2Fv2%2Fmedia&parent=512895"}],"wp:term":[{"taxonomy":"product_brand","embeddable":true,"href":"https:\/\/power-fishing.shop\/index.php?rest_route=%2Fwp%2Fv2%2Fproduct_brand&post=512895"},{"taxonomy":"product_cat","embeddable":true,"href":"https:\/\/power-fishing.shop\/index.php?rest_route=%2Fwp%2Fv2%2Fproduct_cat&post=512895"},{"taxonomy":"product_tag","embeddable":true,"href":"https:\/\/power-fishing.shop\/index.php?rest_route=%2Fwp%2Fv2%2Fproduct_tag&post=512895"}],"curies":[{"name":"wp","href":"https:\/\/api.w.org\/{rel}","templated":true}]}}