{"id":512872,"date":"2025-08-06T12:11:49","date_gmt":"2025-08-06T10:11:49","guid":{"rendered":"https:\/\/power-fishing.shop\/?post_type=product&#038;p=512872"},"modified":"2025-08-06T12:11:50","modified_gmt":"2025-08-06T10:11:50","slug":"q-m-f-press-mould","status":"publish","type":"product","link":"https:\/\/power-fishing.shop\/?product=q-m-f-press-mould","title":{"rendered":"Q.M.F. Press Mould"},"content":{"rendered":"<p>Die lang erwartete Pressform f\u00fcr Method Feeder. Passend f\u00fcr alle Modelle der Mikado-Familie. Perfekt zum Einf\u00fcllen von Grundfutter oder Pellets. Die Innenbeschichtung verhindert, dass die Mischung an der Innenseite der Form kleben bleibt.<\/p>\n<p>Inhalt: 1 St\u00fcck<br \/>\nGr\u00f6\u00dfe: S<\/p>\n","protected":false},"excerpt":{"rendered":"<p>Die lang erwartete Pressform f\u00fcr Method Feeder. Passend f\u00fcr alle Modelle der Mikado-Familie. Perfekt zum Einf\u00fcllen von Grundfutter oder Pellets. Die Innenbeschichtung verhindert, dass die Mischung an der Innenseite der Form kleben bleibt. Inhalt: 1 St\u00fcck Gr\u00f6\u00dfe: S<\/p>\n","protected":false},"featured_media":512873,"comment_status":"open","ping_status":"closed","template":"","meta":[],"product_brand":[],"product_cat":[388],"product_tag":[442,443,393,398,399,441],"class_list":{"0":"post-512872","1":"product","2":"type-product","3":"status-publish","4":"has-post-thumbnail","6":"product_cat-method-feederkoerbe","7":"product_tag-feeder-mould","8":"product_tag-feedermould","9":"product_tag-feeder","10":"product_tag-mould","11":"product_tag-feeder-form","12":"product_tag-press-mould","14":"first","15":"instock","16":"taxable","17":"shipping-taxable","18":"purchasable","19":"product-type-simple"},"_links":{"self":[{"href":"https:\/\/power-fishing.shop\/index.php?rest_route=\/wp\/v2\/product\/512872","targetHints":{"allow":["GET"]}}],"collection":[{"href":"https:\/\/power-fishing.shop\/index.php?rest_route=\/wp\/v2\/product"}],"about":[{"href":"https:\/\/power-fishing.shop\/index.php?rest_route=\/wp\/v2\/types\/product"}],"replies":[{"embeddable":true,"href":"https:\/\/power-fishing.shop\/index.php?rest_route=%2Fwp%2Fv2%2Fcomments&post=512872"}],"version-history":[{"count":1,"href":"https:\/\/power-fishing.shop\/index.php?rest_route=\/wp\/v2\/product\/512872\/revisions"}],"predecessor-version":[{"id":512875,"href":"https:\/\/power-fishing.shop\/index.php?rest_route=\/wp\/v2\/product\/512872\/revisions\/512875"}],"wp:featuredmedia":[{"embeddable":true,"href":"https:\/\/power-fishing.shop\/index.php?rest_route=\/wp\/v2\/media\/512873"}],"wp:attachment":[{"href":"https:\/\/power-fishing.shop\/index.php?rest_route=%2Fwp%2Fv2%2Fmedia&parent=512872"}],"wp:term":[{"taxonomy":"product_brand","embeddable":true,"href":"https:\/\/power-fishing.shop\/index.php?rest_route=%2Fwp%2Fv2%2Fproduct_brand&post=512872"},{"taxonomy":"product_cat","embeddable":true,"href":"https:\/\/power-fishing.shop\/index.php?rest_route=%2Fwp%2Fv2%2Fproduct_cat&post=512872"},{"taxonomy":"product_tag","embeddable":true,"href":"https:\/\/power-fishing.shop\/index.php?rest_route=%2Fwp%2Fv2%2Fproduct_tag&post=512872"}],"curies":[{"name":"wp","href":"https:\/\/api.w.org\/{rel}","templated":true}]}}