{"id":512727,"date":"2024-11-07T11:21:48","date_gmt":"2024-11-07T10:21:48","guid":{"rendered":"https:\/\/power-fishing.shop\/?post_type=product&#038;p=512727"},"modified":"2024-11-07T11:21:49","modified_gmt":"2024-11-07T10:21:49","slug":"devil-p2-methodfeeder-groundbait-1-kg","status":"publish","type":"product","link":"https:\/\/power-fishing.shop\/?product=devil-p2-methodfeeder-groundbait-1-kg","title":{"rendered":"Devil-p2 Methodfeeder Groundbait 1 kg"},"content":{"rendered":"<p>Unser <strong>Groundbait Devil-p2<\/strong> ist der perfekte K\u00f6der f\u00fcr Angler, die gezielt und sehr selektiv Karpfen ansprechen m\u00f6chten. Mit einem fein abgestimmten, leicht s\u00fc\u00dfen Aroma und einer starken, aber nat\u00fcrlichen <strong>&#8222;fischigen&#8220;-Note<\/strong> entfaltet dieser Mix seine volle Lockkraft am Futterplatz. Der hohe Anteil an gemahlenem Hanf und eine ausgewogene Mischung aus verschiedenen Pellets und Micropellets sorgt f\u00fcr eine attraktive, fischreiche Lockwirkung, die Karpfen zuverl\u00e4ssig anzieht und zum Verweilen animiert.<\/p>\n<p>Besonders ist hier die Zugabe von nat\u00fcrlichen Insektenpartikeln, die die Attraktivit\u00e4t f\u00fcr gr\u00f6\u00dfere Karpfen zus\u00e4tzlich steigern und die nat\u00fcrliche Nahrungsquelle perfekt imitieren. Die spezielle Bindung und Struktur des Futters macht es ideal f\u00fcr den Einsatz im Method Feeder, wo es nach und nach sein Aroma freisetzt und gezielt Karpfen in den Bann zieht.<\/p>\n<p><strong>Highlights:<\/strong><\/p>\n<p><strong>\u2022 Selektive Wirkung auf Karpfen:<\/strong> Erh\u00f6ht die Chance auf kapitale F\u00e4nge<br \/>\n<strong>\u2022 Fein abgestimmte Pellets- und Hanf-Mischung:<\/strong> Lockt effektiv und langanhaltend<br \/>\n<strong>\u2022 Mit nat\u00fcrlichem Insektenanteil:<\/strong> Besonders attraktiv f\u00fcr gro\u00dfe Fische<br \/>\n<strong>\u2022 Perfekte Bindung:<\/strong> Optimal f\u00fcr den Einsatz im Method Feeder<\/p>\n<p>Verpackt im umweltfreundlichen 1 kg Standbodenbeutel aus Kraftpapier mit praktischem Druckverschluss ZIP<\/p>\n","protected":false},"excerpt":{"rendered":"<p>Unser Groundbait Devil-p2 ist der perfekte K\u00f6der f\u00fcr Angler, die gezielt und sehr selektiv Karpfen ansprechen m\u00f6chten. Mit einem fein abgestimmten, leicht s\u00fc\u00dfen Aroma und einer starken, aber nat\u00fcrlichen &#8222;fischigen&#8220;-Note entfaltet dieser Mix seine volle Lockkraft am Futterplatz. Der hohe Anteil an gemahlenem Hanf und eine ausgewogene Mischung aus verschiedenen Pellets und Micropellets sorgt f\u00fcr [&hellip;]<\/p>\n","protected":false},"featured_media":512729,"comment_status":"open","ping_status":"closed","template":"","meta":[],"product_brand":[],"product_cat":[30,390],"product_tag":[414,415,85,393,397,409,411,412,413],"class_list":{"0":"post-512727","1":"product","2":"type-product","3":"status-publish","4":"has-post-thumbnail","6":"product_cat-groundbait-stickmix","7":"product_cat-method-groundbaits","8":"product_tag-devil","9":"product_tag-fischig","10":"product_tag-groundbait","11":"product_tag-feeder","12":"product_tag-method-feeder","13":"product_tag-hanf","14":"product_tag-lockfutter","15":"product_tag-insekten","16":"product_tag-pellets-grunfutter","18":"first","19":"instock","20":"taxable","21":"shipping-taxable","22":"purchasable","23":"product-type-simple"},"_links":{"self":[{"href":"https:\/\/power-fishing.shop\/index.php?rest_route=\/wp\/v2\/product\/512727","targetHints":{"allow":["GET"]}}],"collection":[{"href":"https:\/\/power-fishing.shop\/index.php?rest_route=\/wp\/v2\/product"}],"about":[{"href":"https:\/\/power-fishing.shop\/index.php?rest_route=\/wp\/v2\/types\/product"}],"replies":[{"embeddable":true,"href":"https:\/\/power-fishing.shop\/index.php?rest_route=%2Fwp%2Fv2%2Fcomments&post=512727"}],"version-history":[{"count":1,"href":"https:\/\/power-fishing.shop\/index.php?rest_route=\/wp\/v2\/product\/512727\/revisions"}],"predecessor-version":[{"id":512728,"href":"https:\/\/power-fishing.shop\/index.php?rest_route=\/wp\/v2\/product\/512727\/revisions\/512728"}],"wp:featuredmedia":[{"embeddable":true,"href":"https:\/\/power-fishing.shop\/index.php?rest_route=\/wp\/v2\/media\/512729"}],"wp:attachment":[{"href":"https:\/\/power-fishing.shop\/index.php?rest_route=%2Fwp%2Fv2%2Fmedia&parent=512727"}],"wp:term":[{"taxonomy":"product_brand","embeddable":true,"href":"https:\/\/power-fishing.shop\/index.php?rest_route=%2Fwp%2Fv2%2Fproduct_brand&post=512727"},{"taxonomy":"product_cat","embeddable":true,"href":"https:\/\/power-fishing.shop\/index.php?rest_route=%2Fwp%2Fv2%2Fproduct_cat&post=512727"},{"taxonomy":"product_tag","embeddable":true,"href":"https:\/\/power-fishing.shop\/index.php?rest_route=%2Fwp%2Fv2%2Fproduct_tag&post=512727"}],"curies":[{"name":"wp","href":"https:\/\/api.w.org\/{rel}","templated":true}]}}