{"id":512692,"date":"2024-09-29T17:30:08","date_gmt":"2024-09-29T15:30:08","guid":{"rendered":"https:\/\/power-fishing.shop\/?post_type=product&#038;p=512692"},"modified":"2024-12-14T11:13:23","modified_gmt":"2024-12-14T10:13:23","slug":"braid-hooklink-super-snag-65lbs-10m-camo-brown-kopie","status":"publish","type":"product","link":"https:\/\/power-fishing.shop\/?product=braid-hooklink-super-snag-65lbs-10m-camo-brown-kopie","title":{"rendered":"BRAID HOOKLINK &#8211; SUPER SNAG &#8211; 65lbs\/10m &#8211; CAMO BROWN"},"content":{"rendered":"<p>Super Snag ist eine steife, beschichtete geflochtene Schnur, f\u00fcr die h\u00e4rtesten Angelbedingungen. Die entfernbare H\u00fclle sch\u00fctzt den weichen Kern und bietet die notwendigen Anti-Tangle-Eigenschaften beim Werfen. F\u00fcr Seen mit Rekordfischen und vielen H\u00e4ngern.<\/p>\n<p>Tragkraft: 65 lb<br \/>\nInhalt: 10 m<\/p>\n","protected":false},"excerpt":{"rendered":"<p>Super Snag ist eine steife, beschichtete geflochtene Schnur, f\u00fcr die h\u00e4rtesten Angelbedingungen. Die entfernbare H\u00fclle sch\u00fctzt den weichen Kern und bietet die notwendigen Anti-Tangle-Eigenschaften beim Werfen. F\u00fcr Seen mit Rekordfischen und vielen H\u00e4ngern. Tragkraft: 65 lb Inhalt: 10 m<\/p>\n","protected":false},"featured_media":512695,"comment_status":"open","ping_status":"closed","template":"","meta":[],"product_brand":[],"product_cat":[193],"product_tag":[196,400,401,402,172],"class_list":{"0":"post-512692","1":"product","2":"type-product","3":"status-publish","4":"has-post-thumbnail","6":"product_cat-schnuere-vorfaecher-leader","7":"product_tag-vorfach","8":"product_tag-super-snag","9":"product_tag-supersnag","10":"product_tag-mikado-super-snag","11":"product_tag-mikado","13":"first","14":"instock","15":"taxable","16":"shipping-taxable","17":"purchasable","18":"product-type-simple"},"_links":{"self":[{"href":"https:\/\/power-fishing.shop\/index.php?rest_route=\/wp\/v2\/product\/512692","targetHints":{"allow":["GET"]}}],"collection":[{"href":"https:\/\/power-fishing.shop\/index.php?rest_route=\/wp\/v2\/product"}],"about":[{"href":"https:\/\/power-fishing.shop\/index.php?rest_route=\/wp\/v2\/types\/product"}],"replies":[{"embeddable":true,"href":"https:\/\/power-fishing.shop\/index.php?rest_route=%2Fwp%2Fv2%2Fcomments&post=512692"}],"version-history":[{"count":3,"href":"https:\/\/power-fishing.shop\/index.php?rest_route=\/wp\/v2\/product\/512692\/revisions"}],"predecessor-version":[{"id":512696,"href":"https:\/\/power-fishing.shop\/index.php?rest_route=\/wp\/v2\/product\/512692\/revisions\/512696"}],"wp:featuredmedia":[{"embeddable":true,"href":"https:\/\/power-fishing.shop\/index.php?rest_route=\/wp\/v2\/media\/512695"}],"wp:attachment":[{"href":"https:\/\/power-fishing.shop\/index.php?rest_route=%2Fwp%2Fv2%2Fmedia&parent=512692"}],"wp:term":[{"taxonomy":"product_brand","embeddable":true,"href":"https:\/\/power-fishing.shop\/index.php?rest_route=%2Fwp%2Fv2%2Fproduct_brand&post=512692"},{"taxonomy":"product_cat","embeddable":true,"href":"https:\/\/power-fishing.shop\/index.php?rest_route=%2Fwp%2Fv2%2Fproduct_cat&post=512692"},{"taxonomy":"product_tag","embeddable":true,"href":"https:\/\/power-fishing.shop\/index.php?rest_route=%2Fwp%2Fv2%2Fproduct_tag&post=512692"}],"curies":[{"name":"wp","href":"https:\/\/api.w.org\/{rel}","templated":true}]}}