{"id":512527,"date":"2024-05-03T12:00:01","date_gmt":"2024-05-03T10:00:01","guid":{"rendered":"https:\/\/power-fishing.shop\/?post_type=product&#038;p=512527"},"modified":"2024-12-14T11:17:41","modified_gmt":"2024-12-14T10:17:41","slug":"shock-leader","status":"publish","type":"product","link":"https:\/\/power-fishing.shop\/?product=shock-leader","title":{"rendered":"Shock Leader 80 m &#8211; 0,60 mm"},"content":{"rendered":"<p>Moderner Shock-Leader mit starkem Mono-Kern und abriebfester, reiner Fluorocarbon-Au\u00dfenbeschichtung. Dieser Leader ist soft und l\u00e4sst sich hervorragend Binden und ist gleichzeitig sehr abriebfest.<\/p>\n<p>&nbsp;<\/p>\n<p>L\u00e4nge: 80 m<\/p>\n<p>Tragkraft: 50 lb<\/p>\n<p>Durchmesser: 0,60 mm<\/p>\n","protected":false},"excerpt":{"rendered":"<p>Moderner Shock-Leader mit starkem Mono-Kern und abriebfester, reiner Fluorocarbon-Au\u00dfenbeschichtung. Dieser Leader ist soft und l\u00e4sst sich hervorragend Binden und ist gleichzeitig sehr abriebfest. &nbsp; L\u00e4nge: 80 m Tragkraft: 50 lb Durchmesser: 0,60 mm<\/p>\n","protected":false},"featured_media":512530,"comment_status":"open","ping_status":"closed","template":"","meta":[],"product_brand":[],"product_cat":[193],"product_tag":[362,363,364,365,366],"class_list":{"0":"post-512527","1":"product","2":"type-product","3":"status-publish","4":"has-post-thumbnail","6":"product_cat-schnuere-vorfaecher-leader","7":"product_tag-leader","8":"product_tag-shock","9":"product_tag-shockleader","10":"product_tag-snag","11":"product_tag-snagleader","13":"first","14":"instock","15":"taxable","16":"shipping-taxable","17":"purchasable","18":"product-type-simple"},"_links":{"self":[{"href":"https:\/\/power-fishing.shop\/index.php?rest_route=\/wp\/v2\/product\/512527","targetHints":{"allow":["GET"]}}],"collection":[{"href":"https:\/\/power-fishing.shop\/index.php?rest_route=\/wp\/v2\/product"}],"about":[{"href":"https:\/\/power-fishing.shop\/index.php?rest_route=\/wp\/v2\/types\/product"}],"replies":[{"embeddable":true,"href":"https:\/\/power-fishing.shop\/index.php?rest_route=%2Fwp%2Fv2%2Fcomments&post=512527"}],"version-history":[{"count":4,"href":"https:\/\/power-fishing.shop\/index.php?rest_route=\/wp\/v2\/product\/512527\/revisions"}],"predecessor-version":[{"id":512536,"href":"https:\/\/power-fishing.shop\/index.php?rest_route=\/wp\/v2\/product\/512527\/revisions\/512536"}],"wp:featuredmedia":[{"embeddable":true,"href":"https:\/\/power-fishing.shop\/index.php?rest_route=\/wp\/v2\/media\/512530"}],"wp:attachment":[{"href":"https:\/\/power-fishing.shop\/index.php?rest_route=%2Fwp%2Fv2%2Fmedia&parent=512527"}],"wp:term":[{"taxonomy":"product_brand","embeddable":true,"href":"https:\/\/power-fishing.shop\/index.php?rest_route=%2Fwp%2Fv2%2Fproduct_brand&post=512527"},{"taxonomy":"product_cat","embeddable":true,"href":"https:\/\/power-fishing.shop\/index.php?rest_route=%2Fwp%2Fv2%2Fproduct_cat&post=512527"},{"taxonomy":"product_tag","embeddable":true,"href":"https:\/\/power-fishing.shop\/index.php?rest_route=%2Fwp%2Fv2%2Fproduct_tag&post=512527"}],"curies":[{"name":"wp","href":"https:\/\/api.w.org\/{rel}","templated":true}]}}