{"id":512463,"date":"2024-03-27T13:03:35","date_gmt":"2024-03-27T12:03:35","guid":{"rendered":"https:\/\/power-fishing.shop\/?post_type=product&#038;p=512463"},"modified":"2025-02-05T14:37:01","modified_gmt":"2025-02-05T13:37:01","slug":"bloodliver-2-0","status":"publish","type":"product","link":"https:\/\/power-fishing.shop\/?product=bloodliver-2-0","title":{"rendered":"Blood&#038;Liver 2.0"},"content":{"rendered":"<p>Auch nach der Weiterentwicklung zum 2.0, wer ihn einmal in der Hand hatte wird ihn immer wieder sofort erkennen.<\/p>\n<p>Beim neuen <strong>blood&liver<\/strong> haben wir den Anteil an <strong>Fischprotein<\/strong> nahezu verdoppelt, auch der Anteil an <strong>Bierhefe<\/strong> wurde merklich erh\u00f6ht und andere\u00a0 enzymativen Zutaten haben nun ihren Platz in der neuen Variante bekommen.<\/p>\n<p>Es handelt sich hierbei um einen extrem hochwertigen Fischboilie, der neben viel <strong>Fischmehl<\/strong> auch l\u00f6sliches und sehr hochwertiges <strong>Fischprotein<\/strong> beinhaltet. Dazu kommen dann noch Zutaten wie <strong>Lebermehl vom Rind<\/strong>, das 100%<strong> wasserl\u00f6sliche Leberextrakt vom Rind<\/strong>, <strong>Vollblutmehl<\/strong> vom Schwein und einige andere Zutaten und fertig ist ein m\u00e4chtiger und unverkennbarer Boilie.<\/p>\n<p>Der Boilie f\u00e4ngt z\u00fcgig an auszuschwemmen und l\u00f6st seine Au\u00dfenschicht an, so gibt er konstant und gleichm\u00e4\u00dfig seine wasserl\u00f6slichen Bestandteile ab. Er entwickelt so eine enorm starke Lockwirkung der die <strong>Karpfen<\/strong> (ja und auch mal ein <strong>Waller<\/strong>) nur schwer wiederstehen k\u00f6nnen.<\/p>\n<p>Neben dem W\u00fcrzigen Geruch des Rinderleberextrakte hat der Boilie eine feine, leicht cremige Note, die ihn unverkennbar macht.<\/p>\n<p>Seine <strong>langsamen bis mittleren L\u00f6slichkeitseigenschaften<\/strong> gew\u00e4hrleisten eine konstante Freisetzung von Attraktoren, wodurch er sowohl f\u00fcr Instant-Sessions als auch f\u00fcr l\u00e4ngere Futterkampagnen perfekt geeignet ist. Ein echter <strong>Allrounder f\u00fcr jede Jahreszeit<\/strong>, der selbst im kalten Wasser zuverl\u00e4ssig f\u00e4ngt!<\/p>\n<p>\u00a0<\/p>\n<p><strong>Zutaten:<\/strong> Fischmehl, H\u00fchnereiwei\u00df, Fischprotein, Bierhefe, fermentierte Zutaten, Vollblutmehl Schwein, Lebermehl Rind, Leberextrakt Rind, Proteine, Milchprodukte, Getreideprodukte, Fisch\u00f6l. Betain<\/p>\n<p><strong>Gr\u00f6\u00dfen:<\/strong> 17 mm, 21 mm, 28 mm<\/p>\n<p><strong>Konservierung:<\/strong> gesalzen<\/p>\n<p><strong>Lieferzeit:<\/strong> ca. 1 Woche<\/p>\n<p><strong>Andere Konservierungen m\u00f6glich, auf Wunsch auch als freezer oder ab 10 kg auch konserviert.<\/strong><\/p>\n<p>\u00a0<\/p>\n<p>\u00a0<\/p>\n","protected":false},"excerpt":{"rendered":"<p>Auch nach der Weiterentwicklung zum 2.0, wer ihn einmal in der Hand hatte wird ihn immer wieder sofort erkennen. Beim neuen blood&#038;liver haben wir den Anteil an Fischprotein nahezu verdoppelt, auch der Anteil an Bierhefe wurde merklich erh\u00f6ht und andere\u00a0 enzymativen Zutaten haben nun ihren Platz in der neuen Variante bekommen. Es handelt sich hierbei [&hellip;]<\/p>\n","protected":false},"featured_media":179,"comment_status":"open","ping_status":"closed","template":"","meta":[],"product_brand":[],"product_cat":[344,31],"product_tag":[],"class_list":{"0":"post-512463","1":"product","2":"type-product","3":"status-publish","4":"has-post-thumbnail","6":"product_cat-bloodliver-2-0","7":"product_cat-boilies","8":"pa_groesse-21-mm","9":"pa_groesse-28-mm","10":"pa_groesse-17-mm","11":"pa_menge-20-kg","12":"pa_menge-10-kg-2","14":"first","15":"instock","16":"taxable","17":"shipping-taxable","18":"purchasable","19":"product-type-variable"},"_links":{"self":[{"href":"https:\/\/power-fishing.shop\/index.php?rest_route=\/wp\/v2\/product\/512463","targetHints":{"allow":["GET"]}}],"collection":[{"href":"https:\/\/power-fishing.shop\/index.php?rest_route=\/wp\/v2\/product"}],"about":[{"href":"https:\/\/power-fishing.shop\/index.php?rest_route=\/wp\/v2\/types\/product"}],"replies":[{"embeddable":true,"href":"https:\/\/power-fishing.shop\/index.php?rest_route=%2Fwp%2Fv2%2Fcomments&post=512463"}],"version-history":[{"count":7,"href":"https:\/\/power-fishing.shop\/index.php?rest_route=\/wp\/v2\/product\/512463\/revisions"}],"predecessor-version":[{"id":512855,"href":"https:\/\/power-fishing.shop\/index.php?rest_route=\/wp\/v2\/product\/512463\/revisions\/512855"}],"wp:featuredmedia":[{"embeddable":true,"href":"https:\/\/power-fishing.shop\/index.php?rest_route=\/wp\/v2\/media\/179"}],"wp:attachment":[{"href":"https:\/\/power-fishing.shop\/index.php?rest_route=%2Fwp%2Fv2%2Fmedia&parent=512463"}],"wp:term":[{"taxonomy":"product_brand","embeddable":true,"href":"https:\/\/power-fishing.shop\/index.php?rest_route=%2Fwp%2Fv2%2Fproduct_brand&post=512463"},{"taxonomy":"product_cat","embeddable":true,"href":"https:\/\/power-fishing.shop\/index.php?rest_route=%2Fwp%2Fv2%2Fproduct_cat&post=512463"},{"taxonomy":"product_tag","embeddable":true,"href":"https:\/\/power-fishing.shop\/index.php?rest_route=%2Fwp%2Fv2%2Fproduct_tag&post=512463"}],"curies":[{"name":"wp","href":"https:\/\/api.w.org\/{rel}","templated":true}]}}