{"id":512321,"date":"2023-10-15T11:48:07","date_gmt":"2023-10-15T09:48:07","guid":{"rendered":"https:\/\/power-fishing.shop\/?post_type=product&#038;p=512321"},"modified":"2024-07-04T11:31:07","modified_gmt":"2024-07-04T09:31:07","slug":"phase-iv-active-hoover-enzym-p-100-gr","status":"publish","type":"product","link":"https:\/\/power-fishing.shop\/?product=phase-iv-active-hoover-enzym-p-100-gr","title":{"rendered":"Phase IV active Hoover enzym-P 100 gr"},"content":{"rendered":"<p>Die fermentierte und enzymatisch aufbereitete Variante unseres beliebten Klassikers. Die Hoover werden direkt nach der Produktion mindestens eine Woche lang in einem eigens daf\u00fcr angesetzten Liquid fermentiert, und dann mit dem bew\u00e4hrten active-Mantel ummantelt. Zus\u00e4tzlich wird auch hier im Mantel unsere spezielle Fermentierungsfl\u00fcssigkeit mit eingearbeitet.<\/p>\n<p>Menge: 100 gr<br \/>\nGr\u00f6\u00dfe: 21 mm, 28 mm\u00a0 + Mantel<\/p>\n","protected":false},"excerpt":{"rendered":"<p>Die fermentierte und enzymatisch aufbereitete Variante unseres beliebten Klassikers. Die Hoover werden direkt nach der Produktion mindestens eine Woche lang in einem eigens daf\u00fcr angesetzten Liquid fermentiert, und dann mit dem bew\u00e4hrten active-Mantel ummantelt. Zus\u00e4tzlich wird auch hier im Mantel unsere spezielle Fermentierungsfl\u00fcssigkeit mit eingearbeitet. Menge: 100 gr Gr\u00f6\u00dfe: 21 mm, 28 mm\u00a0 + Mantel<\/p>\n","protected":false},"featured_media":512322,"comment_status":"open","ping_status":"closed","template":"","meta":[],"product_brand":[],"product_cat":[32,342],"product_tag":[36,49,116,311,324],"class_list":{"0":"post-512321","1":"product","2":"type-product","3":"status-publish","4":"has-post-thumbnail","6":"product_cat-boilies-hookbaits","7":"product_cat-phase-iv","8":"product_tag-phase-4","9":"product_tag-active","10":"product_tag-hoover","11":"product_tag-enzym-p","12":"product_tag-phaseiv","13":"pa_groesse-21-mm","14":"pa_groesse-28-mm","16":"first","17":"instock","18":"taxable","19":"shipping-taxable","20":"purchasable","21":"product-type-variable","22":"has-default-attributes"},"_links":{"self":[{"href":"https:\/\/power-fishing.shop\/index.php?rest_route=\/wp\/v2\/product\/512321","targetHints":{"allow":["GET"]}}],"collection":[{"href":"https:\/\/power-fishing.shop\/index.php?rest_route=\/wp\/v2\/product"}],"about":[{"href":"https:\/\/power-fishing.shop\/index.php?rest_route=\/wp\/v2\/types\/product"}],"replies":[{"embeddable":true,"href":"https:\/\/power-fishing.shop\/index.php?rest_route=%2Fwp%2Fv2%2Fcomments&post=512321"}],"version-history":[{"count":6,"href":"https:\/\/power-fishing.shop\/index.php?rest_route=\/wp\/v2\/product\/512321\/revisions"}],"predecessor-version":[{"id":512600,"href":"https:\/\/power-fishing.shop\/index.php?rest_route=\/wp\/v2\/product\/512321\/revisions\/512600"}],"wp:featuredmedia":[{"embeddable":true,"href":"https:\/\/power-fishing.shop\/index.php?rest_route=\/wp\/v2\/media\/512322"}],"wp:attachment":[{"href":"https:\/\/power-fishing.shop\/index.php?rest_route=%2Fwp%2Fv2%2Fmedia&parent=512321"}],"wp:term":[{"taxonomy":"product_brand","embeddable":true,"href":"https:\/\/power-fishing.shop\/index.php?rest_route=%2Fwp%2Fv2%2Fproduct_brand&post=512321"},{"taxonomy":"product_cat","embeddable":true,"href":"https:\/\/power-fishing.shop\/index.php?rest_route=%2Fwp%2Fv2%2Fproduct_cat&post=512321"},{"taxonomy":"product_tag","embeddable":true,"href":"https:\/\/power-fishing.shop\/index.php?rest_route=%2Fwp%2Fv2%2Fproduct_tag&post=512321"}],"curies":[{"name":"wp","href":"https:\/\/api.w.org\/{rel}","templated":true}]}}