{"id":511911,"date":"2022-02-24T21:06:31","date_gmt":"2022-02-24T20:06:31","guid":{"rendered":"https:\/\/power-fishing.shop\/?post_type=product&#038;p=511911"},"modified":"2025-11-16T17:12:36","modified_gmt":"2025-11-16T16:12:36","slug":"splicenadel-fuer-leadcore","status":"publish","type":"product","link":"https:\/\/power-fishing.shop\/?product=splicenadel-fuer-leadcore","title":{"rendered":"Splicenadel f\u00fcr Leadcore"},"content":{"rendered":"<p>HQ-Nadeln sind von wirklich hoher Qualit\u00e4t. Unglaublich pr\u00e4zise gefertigte Werkzeuge aus den besten Materialien und mit einem originalen Mikado-Griff ausgestattet.<\/p>\n","protected":false},"excerpt":{"rendered":"<p>HQ-Nadeln sind von wirklich hoher Qualit\u00e4t. Unglaublich pr\u00e4zise gefertigte Werkzeuge aus den besten Materialien und mit einem originalen Mikado-Griff ausgestattet.<\/p>\n","protected":false},"featured_media":511912,"comment_status":"open","ping_status":"closed","template":"","meta":[],"product_brand":[],"product_cat":[194],"product_tag":[172,173,174,175,176,177,178,179,170,171],"class_list":{"0":"post-511911","1":"product","2":"type-product","3":"status-publish","4":"has-post-thumbnail","6":"product_cat-zubehoer","7":"product_tag-mikado","8":"product_tag-territorry","9":"product_tag-grabbber","10":"product_tag-wirbel","11":"product_tag-quick-chance","12":"product_tag-rig-ring","13":"product_tag-sleeve","14":"product_tag-anti-tangle","15":"product_tag-haken","16":"product_tag-karpfenhaken","18":"first","19":"instock","20":"featured","21":"taxable","22":"shipping-taxable","23":"purchasable","24":"product-type-simple"},"_links":{"self":[{"href":"https:\/\/power-fishing.shop\/index.php?rest_route=\/wp\/v2\/product\/511911","targetHints":{"allow":["GET"]}}],"collection":[{"href":"https:\/\/power-fishing.shop\/index.php?rest_route=\/wp\/v2\/product"}],"about":[{"href":"https:\/\/power-fishing.shop\/index.php?rest_route=\/wp\/v2\/types\/product"}],"replies":[{"embeddable":true,"href":"https:\/\/power-fishing.shop\/index.php?rest_route=%2Fwp%2Fv2%2Fcomments&post=511911"}],"version-history":[{"count":1,"href":"https:\/\/power-fishing.shop\/index.php?rest_route=\/wp\/v2\/product\/511911\/revisions"}],"predecessor-version":[{"id":512348,"href":"https:\/\/power-fishing.shop\/index.php?rest_route=\/wp\/v2\/product\/511911\/revisions\/512348"}],"wp:featuredmedia":[{"embeddable":true,"href":"https:\/\/power-fishing.shop\/index.php?rest_route=\/wp\/v2\/media\/511912"}],"wp:attachment":[{"href":"https:\/\/power-fishing.shop\/index.php?rest_route=%2Fwp%2Fv2%2Fmedia&parent=511911"}],"wp:term":[{"taxonomy":"product_brand","embeddable":true,"href":"https:\/\/power-fishing.shop\/index.php?rest_route=%2Fwp%2Fv2%2Fproduct_brand&post=511911"},{"taxonomy":"product_cat","embeddable":true,"href":"https:\/\/power-fishing.shop\/index.php?rest_route=%2Fwp%2Fv2%2Fproduct_cat&post=511911"},{"taxonomy":"product_tag","embeddable":true,"href":"https:\/\/power-fishing.shop\/index.php?rest_route=%2Fwp%2Fv2%2Fproduct_tag&post=511911"}],"curies":[{"name":"wp","href":"https:\/\/api.w.org\/{rel}","templated":true}]}}