{"id":511854,"date":"2021-10-04T19:58:56","date_gmt":"2021-10-04T17:58:56","guid":{"rendered":"https:\/\/power-fishing.shop\/?post_type=product&#038;p=511854"},"modified":"2022-02-22T10:44:43","modified_gmt":"2022-02-22T09:44:43","slug":"marker-sticks","status":"publish","type":"product","link":"https:\/\/power-fishing.shop\/?product=marker-sticks","title":{"rendered":"Marker Sticks"},"content":{"rendered":"<p>Das Marker Stick Set erm\u00f6glicht wiederholbare W\u00fcrfe auch \u00fcber gro\u00dfe Entfernungen auf den selben Spot. Mit einer zus\u00e4tzlichen Distanzschnur f\u00fcr den richtigen Abstand. Sauber verstaut in einer festen Tasche.<\/p>\n","protected":false},"excerpt":{"rendered":"<p>Das Marker Stick Set erm\u00f6glicht wiederholbare W\u00fcrfe auch \u00fcber gro\u00dfe Entfernungen auf den selben Spot. Mit einer zus\u00e4tzlichen Distanzschnur f\u00fcr den richtigen Abstand. Sauber verstaut in einer festen Tasche.<\/p>\n","protected":false},"featured_media":511886,"comment_status":"open","ping_status":"closed","template":"","meta":[],"product_brand":[],"product_cat":[169],"product_tag":[185,170,186,171,188,172,189,173,190,174,191,179,181,182,183,184],"class_list":{"0":"post-511854","1":"product","2":"type-product","3":"status-publish","4":"has-post-thumbnail","6":"product_cat-tackle-und-zubehoer","7":"product_tag-boiliebohrer","8":"product_tag-haken","9":"product_tag-knot-puller","10":"product_tag-karpfenhaken","11":"product_tag-crusher","12":"product_tag-mikado","13":"product_tag-boilie-crusher","14":"product_tag-territorry","15":"product_tag-schaufel","16":"product_tag-grabbber","17":"product_tag-marker-sticks","18":"product_tag-anti-tangle","19":"product_tag-bait-screw","20":"product_tag-glug-pot","21":"product_tag-boilienadel","22":"product_tag-koedernadel","24":"first","25":"instock","26":"taxable","27":"shipping-taxable","28":"purchasable","29":"product-type-simple"},"_links":{"self":[{"href":"https:\/\/power-fishing.shop\/index.php?rest_route=\/wp\/v2\/product\/511854","targetHints":{"allow":["GET"]}}],"collection":[{"href":"https:\/\/power-fishing.shop\/index.php?rest_route=\/wp\/v2\/product"}],"about":[{"href":"https:\/\/power-fishing.shop\/index.php?rest_route=\/wp\/v2\/types\/product"}],"replies":[{"embeddable":true,"href":"https:\/\/power-fishing.shop\/index.php?rest_route=%2Fwp%2Fv2%2Fcomments&post=511854"}],"version-history":[{"count":1,"href":"https:\/\/power-fishing.shop\/index.php?rest_route=\/wp\/v2\/product\/511854\/revisions"}],"predecessor-version":[{"id":511887,"href":"https:\/\/power-fishing.shop\/index.php?rest_route=\/wp\/v2\/product\/511854\/revisions\/511887"}],"wp:featuredmedia":[{"embeddable":true,"href":"https:\/\/power-fishing.shop\/index.php?rest_route=\/wp\/v2\/media\/511886"}],"wp:attachment":[{"href":"https:\/\/power-fishing.shop\/index.php?rest_route=%2Fwp%2Fv2%2Fmedia&parent=511854"}],"wp:term":[{"taxonomy":"product_brand","embeddable":true,"href":"https:\/\/power-fishing.shop\/index.php?rest_route=%2Fwp%2Fv2%2Fproduct_brand&post=511854"},{"taxonomy":"product_cat","embeddable":true,"href":"https:\/\/power-fishing.shop\/index.php?rest_route=%2Fwp%2Fv2%2Fproduct_cat&post=511854"},{"taxonomy":"product_tag","embeddable":true,"href":"https:\/\/power-fishing.shop\/index.php?rest_route=%2Fwp%2Fv2%2Fproduct_tag&post=511854"}],"curies":[{"name":"wp","href":"https:\/\/api.w.org\/{rel}","templated":true}]}}