{"id":406,"date":"2018-02-17T20:49:45","date_gmt":"2018-02-17T20:49:45","guid":{"rendered":"https:\/\/power-fishing.shop\/?post_type=product&#038;p=406"},"modified":"2024-07-05T07:58:12","modified_gmt":"2024-07-05T05:58:12","slug":"lachsoel","status":"publish","type":"product","link":"https:\/\/power-fishing.shop\/?product=lachsoel","title":{"rendered":"Lachs\u00f6l"},"content":{"rendered":"<p>Pures Lachsfisch\u00f6l, reich an Omega3 Fetts\u00e4uren, darf in keine Fischboilie fehlen.<\/p>\n<p>Es eignet sich auch perfekt um seine Boilies damit zu benetzen, so da\u00df es in den Boilie einziehen kann. Dazu einfach Boilies in einen Beutel, Lachs\u00f6l dazu, durchsch\u00fctteln und ziehen lassen, das kann man \u00fcber mehrere Tage so machen.<\/p>\n<p>Dosierung bis 20 \u2013 40 ml pro kg<\/p>\n<p>\u00a0<\/p>\n<p><strong>Verpackungsgr\u00f6\u00dfen:<\/strong> 1 Liter Flasche<\/p>\n","protected":false},"excerpt":{"rendered":"<p>Pures Lachsfisch\u00f6l, reich an Omega3 Fetts\u00e4uren, darf in keine Fischboilie fehlen. Es eignet sich auch perfekt um seine Boilies damit zu benetzen, so da\u00df es in den Boilie einziehen kann. Dazu einfach Boilies in einen Beutel, Lachs\u00f6l dazu, durchsch\u00fctteln und ziehen lassen, das kann man \u00fcber mehrere Tage so machen. Dosierung bis 20 \u2013 40 [&hellip;]<\/p>\n","protected":false},"featured_media":689,"comment_status":"open","ping_status":"closed","template":"","meta":[],"product_brand":[],"product_cat":[157,67,101],"product_tag":[108,107],"class_list":{"0":"post-406","1":"product","2":"type-product","3":"status-publish","4":"has-post-thumbnail","6":"product_cat-wallerkoeder","7":"product_cat-liquids-dips","8":"product_cat-flavour-oele","9":"product_tag-fischoel","10":"product_tag-lachsoel","12":"first","13":"instock","14":"taxable","15":"shipping-taxable","16":"purchasable","17":"product-type-simple"},"_links":{"self":[{"href":"https:\/\/power-fishing.shop\/index.php?rest_route=\/wp\/v2\/product\/406","targetHints":{"allow":["GET"]}}],"collection":[{"href":"https:\/\/power-fishing.shop\/index.php?rest_route=\/wp\/v2\/product"}],"about":[{"href":"https:\/\/power-fishing.shop\/index.php?rest_route=\/wp\/v2\/types\/product"}],"replies":[{"embeddable":true,"href":"https:\/\/power-fishing.shop\/index.php?rest_route=%2Fwp%2Fv2%2Fcomments&post=406"}],"version-history":[{"count":1,"href":"https:\/\/power-fishing.shop\/index.php?rest_route=\/wp\/v2\/product\/406\/revisions"}],"predecessor-version":[{"id":137055,"href":"https:\/\/power-fishing.shop\/index.php?rest_route=\/wp\/v2\/product\/406\/revisions\/137055"}],"wp:featuredmedia":[{"embeddable":true,"href":"https:\/\/power-fishing.shop\/index.php?rest_route=\/wp\/v2\/media\/689"}],"wp:attachment":[{"href":"https:\/\/power-fishing.shop\/index.php?rest_route=%2Fwp%2Fv2%2Fmedia&parent=406"}],"wp:term":[{"taxonomy":"product_brand","embeddable":true,"href":"https:\/\/power-fishing.shop\/index.php?rest_route=%2Fwp%2Fv2%2Fproduct_brand&post=406"},{"taxonomy":"product_cat","embeddable":true,"href":"https:\/\/power-fishing.shop\/index.php?rest_route=%2Fwp%2Fv2%2Fproduct_cat&post=406"},{"taxonomy":"product_tag","embeddable":true,"href":"https:\/\/power-fishing.shop\/index.php?rest_route=%2Fwp%2Fv2%2Fproduct_tag&post=406"}],"curies":[{"name":"wp","href":"https:\/\/api.w.org\/{rel}","templated":true}]}}