{"id":403,"date":"2018-02-17T20:43:27","date_gmt":"2018-02-17T20:43:27","guid":{"rendered":"https:\/\/power-fishing.shop\/?post_type=product&#038;p=403"},"modified":"2024-07-09T00:12:47","modified_gmt":"2024-07-08T22:12:47","slug":"flavour-power-a","status":"publish","type":"product","link":"https:\/\/power-fishing.shop\/?product=flavour-power-a","title":{"rendered":"Flavour Power-A"},"content":{"rendered":"<p>Bei dem neuen &#8222;Power-A&#8220; Flavour handelt es sich um einen unvergleichbaren Aprikosen Flavour, man bekommt einfach Lust rein zu bei\u00dfen.<\/p>\n<p>Dosierung 6 &#8211; 15 ml pro kg<\/p>\n<p>&nbsp;<\/p>\n<p><strong>Verpackungsgr\u00f6\u00dfen:<\/strong> 100 ml Flasche<\/p>\n","protected":false},"excerpt":{"rendered":"<p>Bei dem neuen &#8222;Power-A&#8220; Flavour handelt es sich um einen unvergleichbaren Aprikosen Flavour, man bekommt einfach Lust rein zu bei\u00dfen. Dosierung 6 &#8211; 15 ml pro kg &nbsp; Verpackungsgr\u00f6\u00dfen: 100 ml Flasche<\/p>\n","protected":false},"featured_media":687,"comment_status":"open","ping_status":"closed","template":"","meta":[],"product_brand":[],"product_cat":[101],"product_tag":[104,102,103],"class_list":{"0":"post-403","1":"product","2":"type-product","3":"status-publish","4":"has-post-thumbnail","6":"product_cat-flavour-oele","7":"product_tag-aprikose","8":"product_tag-flavour","9":"product_tag-aroma","11":"first","12":"instock","13":"taxable","14":"shipping-taxable","15":"purchasable","16":"product-type-simple"},"_links":{"self":[{"href":"https:\/\/power-fishing.shop\/index.php?rest_route=\/wp\/v2\/product\/403","targetHints":{"allow":["GET"]}}],"collection":[{"href":"https:\/\/power-fishing.shop\/index.php?rest_route=\/wp\/v2\/product"}],"about":[{"href":"https:\/\/power-fishing.shop\/index.php?rest_route=\/wp\/v2\/types\/product"}],"replies":[{"embeddable":true,"href":"https:\/\/power-fishing.shop\/index.php?rest_route=%2Fwp%2Fv2%2Fcomments&post=403"}],"version-history":[{"count":0,"href":"https:\/\/power-fishing.shop\/index.php?rest_route=\/wp\/v2\/product\/403\/revisions"}],"wp:featuredmedia":[{"embeddable":true,"href":"https:\/\/power-fishing.shop\/index.php?rest_route=\/wp\/v2\/media\/687"}],"wp:attachment":[{"href":"https:\/\/power-fishing.shop\/index.php?rest_route=%2Fwp%2Fv2%2Fmedia&parent=403"}],"wp:term":[{"taxonomy":"product_brand","embeddable":true,"href":"https:\/\/power-fishing.shop\/index.php?rest_route=%2Fwp%2Fv2%2Fproduct_brand&post=403"},{"taxonomy":"product_cat","embeddable":true,"href":"https:\/\/power-fishing.shop\/index.php?rest_route=%2Fwp%2Fv2%2Fproduct_cat&post=403"},{"taxonomy":"product_tag","embeddable":true,"href":"https:\/\/power-fishing.shop\/index.php?rest_route=%2Fwp%2Fv2%2Fproduct_tag&post=403"}],"curies":[{"name":"wp","href":"https:\/\/api.w.org\/{rel}","templated":true}]}}