{"id":216,"date":"2018-02-11T14:28:19","date_gmt":"2018-02-11T14:28:19","guid":{"rendered":"http:\/\/power-fishing.shop\/?post_type=product&#038;p=216"},"modified":"2024-01-29T13:37:32","modified_gmt":"2024-01-29T12:37:32","slug":"betain-bait-booster","status":"publish","type":"product","link":"https:\/\/power-fishing.shop\/?product=betain-bait-booster","title":{"rendered":"Betain Bait Booster"},"content":{"rendered":"<p><strong>\u201eBetain Bait Booster\u201c<\/strong> 100 ml Pumpsprays.<\/p>\n<p>Angereichert mit Betain, nat\u00fcrlichen Aminos\u00e4uren und einigen anderen nat\u00fcrlichen Attraktoren. Einfach den K\u00f6der einspr\u00fchen, kurz einziehen lassen und raus damit.<\/p>\n<p>Auch nur nach relativ kurzer Einwirkzeit h\u00e4lt das Spray je nach Beschaffenheit des K\u00f6ders bis zu mehreren Stunden. Ihr k\u00f6nnte das Spray nat\u00fcrlich auch einige Stunden Einwirken lassen.<\/p>\n<p>Geeignet zum Boosten von Hakenk\u00f6dern, Boilies, Popups, Futterboilies oder auch eurem Spotmix.<\/p>\n<p><strong>In den Sorten:<\/strong><\/p>\n<p><strong>King Julian<\/strong> &#8211; gelb und Frucht pur, ein Duftbaum k\u00f6nnte nicht besser riechen, abgestimmt auch die King Julian Range<\/p>\n<p>Zutaten: Fischextrakt, Betain, Fischprotein, Aromen<\/p>\n","protected":false},"excerpt":{"rendered":"<p>\u201eBetain Bait Booster\u201c 100 ml Pumpsprays. Angereichert mit Betain, nat\u00fcrlichen Aminos\u00e4uren und einigen anderen nat\u00fcrlichen Attraktoren. Einfach den K\u00f6der einspr\u00fchen, kurz einziehen lassen und raus damit. Auch nur nach relativ kurzer Einwirkzeit h\u00e4lt das Spray je nach Beschaffenheit des K\u00f6ders bis zu mehreren Stunden. Ihr k\u00f6nnte das Spray nat\u00fcrlich auch einige Stunden Einwirken lassen. Geeignet [&hellip;]<\/p>\n","protected":false},"featured_media":217,"comment_status":"open","ping_status":"closed","template":"","meta":[],"product_brand":[],"product_cat":[67],"product_tag":[72,73,74,75],"class_list":{"0":"post-216","1":"product","2":"type-product","3":"status-publish","4":"has-post-thumbnail","6":"product_cat-liquids-dips","7":"product_tag-pumpspray","8":"product_tag-liquid","9":"product_tag-booster","10":"product_tag-dip","12":"first","13":"instock","14":"taxable","15":"shipping-taxable","16":"purchasable","17":"product-type-variable"},"_links":{"self":[{"href":"https:\/\/power-fishing.shop\/index.php?rest_route=\/wp\/v2\/product\/216","targetHints":{"allow":["GET"]}}],"collection":[{"href":"https:\/\/power-fishing.shop\/index.php?rest_route=\/wp\/v2\/product"}],"about":[{"href":"https:\/\/power-fishing.shop\/index.php?rest_route=\/wp\/v2\/types\/product"}],"replies":[{"embeddable":true,"href":"https:\/\/power-fishing.shop\/index.php?rest_route=%2Fwp%2Fv2%2Fcomments&post=216"}],"version-history":[{"count":2,"href":"https:\/\/power-fishing.shop\/index.php?rest_route=\/wp\/v2\/product\/216\/revisions"}],"predecessor-version":[{"id":512374,"href":"https:\/\/power-fishing.shop\/index.php?rest_route=\/wp\/v2\/product\/216\/revisions\/512374"}],"wp:featuredmedia":[{"embeddable":true,"href":"https:\/\/power-fishing.shop\/index.php?rest_route=\/wp\/v2\/media\/217"}],"wp:attachment":[{"href":"https:\/\/power-fishing.shop\/index.php?rest_route=%2Fwp%2Fv2%2Fmedia&parent=216"}],"wp:term":[{"taxonomy":"product_brand","embeddable":true,"href":"https:\/\/power-fishing.shop\/index.php?rest_route=%2Fwp%2Fv2%2Fproduct_brand&post=216"},{"taxonomy":"product_cat","embeddable":true,"href":"https:\/\/power-fishing.shop\/index.php?rest_route=%2Fwp%2Fv2%2Fproduct_cat&post=216"},{"taxonomy":"product_tag","embeddable":true,"href":"https:\/\/power-fishing.shop\/index.php?rest_route=%2Fwp%2Fv2%2Fproduct_tag&post=216"}],"curies":[{"name":"wp","href":"https:\/\/api.w.org\/{rel}","templated":true}]}}