{"id":257,"date":"2018-02-12T21:02:02","date_gmt":"2018-02-12T21:02:02","guid":{"rendered":"https:\/\/power-fishing.shop\/?page_id=257"},"modified":"2018-02-13T19:57:13","modified_gmt":"2018-02-13T19:57:13","slug":"moven-fuer-den-erfolg","status":"publish","type":"page","link":"https:\/\/power-fishing.shop\/?page_id=257","title":{"rendered":"Moven f\u00fcr den Erfolg"},"content":{"rendered":"<h3 class=\"post_title\"><\/h3>\n<p><a href=\"https:\/\/power-fishing.shop\/wp-content\/uploads\/2018\/02\/DSC_06691.jpg\" rel=\"https:\/\/power-fishing.shop\/wp-content\/uploads\/2018\/02\/DSC_06691.jpg\"><img fetchpriority=\"high\" decoding=\"async\" class=\"aligncenter wp-image-276 size-full\" src=\"https:\/\/power-fishing.shop\/wp-content\/uploads\/2018\/02\/DSC_06691.jpg\" alt=\"\" width=\"1200\" height=\"795\" srcset=\"https:\/\/power-fishing.shop\/wp-content\/uploads\/2018\/02\/DSC_06691.jpg 1200w, https:\/\/power-fishing.shop\/wp-content\/uploads\/2018\/02\/DSC_06691-600x398.jpg 600w, https:\/\/power-fishing.shop\/wp-content\/uploads\/2018\/02\/DSC_06691-300x199.jpg 300w, https:\/\/power-fishing.shop\/wp-content\/uploads\/2018\/02\/DSC_06691-768x509.jpg 768w, https:\/\/power-fishing.shop\/wp-content\/uploads\/2018\/02\/DSC_06691-1024x678.jpg 1024w, https:\/\/power-fishing.shop\/wp-content\/uploads\/2018\/02\/DSC_06691-416x276.jpg 416w\" sizes=\"(max-width: 1200px) 100vw, 1200px\" \/><\/a><\/p>\n<p>Wolfgang und ich hatten schon l\u00e4nger einen Trip ins Ausland geplant, doch immer wieder wurde uns ein Strich durch die Rechnung gemacht. Diesmal allerdings sollte es klappen und wir planten einen einw\u00f6chigen Trip nach Nordfrankreich. Ich entschied mich f\u00fcr die neuen White Orange Boilies und die guten alten Red Hot Secret, die mir Markus dann frisch abrollte. Nachdem alles gepackt war und somit startklar war telefonierte ich am Abend vor der Abreise noch mit Wolle um nochmal alles abzukl\u00e4ren. Um 2 Uhr Nachts stieg ich in mein vollbepacktes Auto, total aufgeregt kam ich dann ca. 2 Stunden sp\u00e4ter bei meinem Angelkameraden an<strong>. <\/strong>Sein Tackle ins Auto geladen, noch schnell einen Kaffee getrunken und dann ging es ab. Nach 5 Stunden Autofahrt kamen wir am See an, das Wetter war genial. Unser einziges Problem war der unglaubliche Wind der direkt auf unser Ufer stand. Wir dachten schon wir m\u00fcssten die erste Nacht im Auto verbringen, doch dann schafften wir es doch die \u201eH\u00fctte\u201c aufzustellen und begannen damit Spots mit der Markerrute zu suchen.<\/p>\n<p><a href=\"https:\/\/power-fishing.shop\/wp-content\/uploads\/2018\/02\/DSC_0653.jpg\" rel=\"https:\/\/power-fishing.shop\/wp-content\/uploads\/2018\/02\/DSC_0653.jpg noopener\"><img decoding=\"async\" class=\"aligncenter wp-image-271 size-medium\" title=\"https:\/\/power-fishing.shop\/wp-content\/uploads\/2018\/02\/DSC_0653.jpg\" src=\"https:\/\/power-fishing.shop\/wp-content\/uploads\/2018\/02\/DSC_0653-300x199.jpg\" alt=\"\" width=\"300\" height=\"199\" srcset=\"https:\/\/power-fishing.shop\/wp-content\/uploads\/2018\/02\/DSC_0653-300x199.jpg 300w, https:\/\/power-fishing.shop\/wp-content\/uploads\/2018\/02\/DSC_0653-600x398.jpg 600w, https:\/\/power-fishing.shop\/wp-content\/uploads\/2018\/02\/DSC_0653-768x509.jpg 768w, https:\/\/power-fishing.shop\/wp-content\/uploads\/2018\/02\/DSC_0653-1024x678.jpg 1024w, https:\/\/power-fishing.shop\/wp-content\/uploads\/2018\/02\/DSC_0653-416x276.jpg 416w, https:\/\/power-fishing.shop\/wp-content\/uploads\/2018\/02\/DSC_0653.jpg 1200w\" sizes=\"(max-width: 300px) 100vw, 300px\" \/><\/a><\/p>\n<p>Nachdem die Ruten lagen kehrte erst einmal Ruhe ein und wir legten und auf unserer Liegen und lie\u00dfen den Tag in Ruhe ausklingen. Die n\u00e4chsten 2 Tage w\u00e4ren ziemlich ruhig bis auf einen Brassen konnte ich nichts zum \u201eMattenbesuch\u201c \u00fcberreden. Ich m\u00f6chte an dieser Stelle noch betonten das ich fast ausschlie\u00dflich von meiner Fischerei wie auch deren Fangergebnisse berichte da mein Kumpel selbst dar\u00fcber Berichten m\u00f6chte.<\/p>\n<p>Uns war klar geworden wenn wir hier nicht mehr oder weniger Blank nachhause fahren wollen dann m\u00fcssen wir uns etwas einfallen lassen. Gesagt, getan also movten wir am 3ten Tag in einen anderen Seeabschnitt wo es uns m\u00f6glich war verschiedene Teile des Gew\u00e4ssers zu befischen. Dazu z\u00e4hlten \u00fcberh\u00e4ngende B\u00e4ume im Uferbereich, eine gro\u00dfe Bucht und eine kleine Bucht. Dazu kam dann noch das Freiwasser wo wir einige interessante Pl\u00e4tze finden konnten. Nachdem wir in der Mittagshitze unser Tackle neu aufbauten, das Zelt eingerichtet hatten und unsere Spots gefunden waren legten wir die Rute mit nur ganz wenig Futter auf die auserw\u00e4hlten Pl\u00e4tze.<\/p>\n<p><img decoding=\"async\" class=\"aligncenter wp-image-276 size-medium\" src=\"https:\/\/power-fishing.shop\/wp-content\/uploads\/2018\/02\/DSC_06691-300x199.jpg\" alt=\"\" width=\"300\" height=\"199\" srcset=\"https:\/\/power-fishing.shop\/wp-content\/uploads\/2018\/02\/DSC_06691-300x199.jpg 300w, https:\/\/power-fishing.shop\/wp-content\/uploads\/2018\/02\/DSC_06691-600x398.jpg 600w, https:\/\/power-fishing.shop\/wp-content\/uploads\/2018\/02\/DSC_06691-768x509.jpg 768w, https:\/\/power-fishing.shop\/wp-content\/uploads\/2018\/02\/DSC_06691-1024x678.jpg 1024w, https:\/\/power-fishing.shop\/wp-content\/uploads\/2018\/02\/DSC_06691-416x276.jpg 416w, https:\/\/power-fishing.shop\/wp-content\/uploads\/2018\/02\/DSC_06691.jpg 1200w\" sizes=\"(max-width: 300px) 100vw, 300px\" \/><\/p>\n<p>Fallenstellen war unser neuer Plan gewesen. Als die Rute \u201escharf\u201c gemacht waren wollten wir uns es gem\u00fctlich machen und leckeres franz\u00f6sisches Baguette mit Camenbert und Salami essen. Leider mussten wir uns damit noch ein wenig gedulden. \u201ePIIIIIIIEEEEEPPPPP\u201c nach nicht einmal 30 Minuten auf dem Platz lief meine rechte Rute ab und ich konnte bei geilem Wetter bis zu den Knien im Wasser stehend einen wundersch\u00f6nen Spiegler absch\u00f6pfen.<\/p>\n<p>Hierzu diente mir als Futter halbierte und zerbrochene \u201ered hot secret\u201c \u2026<\/p>\n<p><img loading=\"lazy\" decoding=\"async\" class=\"aligncenter wp-image-272 size-medium\" src=\"https:\/\/power-fishing.shop\/wp-content\/uploads\/2018\/02\/DSC_0682-300x199.jpg\" alt=\"\" width=\"300\" height=\"199\" srcset=\"https:\/\/power-fishing.shop\/wp-content\/uploads\/2018\/02\/DSC_0682-300x199.jpg 300w, https:\/\/power-fishing.shop\/wp-content\/uploads\/2018\/02\/DSC_0682-600x398.jpg 600w, https:\/\/power-fishing.shop\/wp-content\/uploads\/2018\/02\/DSC_0682-768x509.jpg 768w, https:\/\/power-fishing.shop\/wp-content\/uploads\/2018\/02\/DSC_0682-1024x678.jpg 1024w, https:\/\/power-fishing.shop\/wp-content\/uploads\/2018\/02\/DSC_0682-416x276.jpg 416w, https:\/\/power-fishing.shop\/wp-content\/uploads\/2018\/02\/DSC_0682.jpg 1200w\" sizes=\"(max-width: 300px) 100vw, 300px\" \/><\/p>\n<p>\u2026 und als Hakenk\u00f6der ein mit \u201epure liver protein\u201c gesoakter \u201eblood&amp;liver\u201c Pop Up.<\/p>\n<p><img loading=\"lazy\" decoding=\"async\" class=\"aligncenter wp-image-277 size-medium\" src=\"https:\/\/power-fishing.shop\/wp-content\/uploads\/2018\/02\/IMG_0236-300x225.jpg\" alt=\"\" width=\"300\" height=\"225\" srcset=\"https:\/\/power-fishing.shop\/wp-content\/uploads\/2018\/02\/IMG_0236-300x225.jpg 300w, https:\/\/power-fishing.shop\/wp-content\/uploads\/2018\/02\/IMG_0236-600x450.jpg 600w, https:\/\/power-fishing.shop\/wp-content\/uploads\/2018\/02\/IMG_0236-768x576.jpg 768w, https:\/\/power-fishing.shop\/wp-content\/uploads\/2018\/02\/IMG_0236-1024x768.jpg 1024w, https:\/\/power-fishing.shop\/wp-content\/uploads\/2018\/02\/IMG_0236-416x312.jpg 416w, https:\/\/power-fishing.shop\/wp-content\/uploads\/2018\/02\/IMG_0236.jpg 1200w\" sizes=\"(max-width: 300px) 100vw, 300px\" \/><\/p>\n<p>Das geht ja super los dachte ich mir und warf die Rute erneut an die Kante die von 2,6m auf 1,8 anstieg. Danach musste ich aber endlich etwas Essen und die Ruten lagen still bis zum n\u00e4chsten Morgen.<\/p>\n<p><img loading=\"lazy\" decoding=\"async\" class=\"aligncenter wp-image-273 size-medium\" src=\"https:\/\/power-fishing.shop\/wp-content\/uploads\/2018\/02\/DSC_0687-300x199.jpg\" alt=\"\" width=\"300\" height=\"199\" srcset=\"https:\/\/power-fishing.shop\/wp-content\/uploads\/2018\/02\/DSC_0687-300x199.jpg 300w, https:\/\/power-fishing.shop\/wp-content\/uploads\/2018\/02\/DSC_0687-600x398.jpg 600w, https:\/\/power-fishing.shop\/wp-content\/uploads\/2018\/02\/DSC_0687-768x509.jpg 768w, https:\/\/power-fishing.shop\/wp-content\/uploads\/2018\/02\/DSC_0687-1024x678.jpg 1024w, https:\/\/power-fishing.shop\/wp-content\/uploads\/2018\/02\/DSC_0687-416x276.jpg 416w, https:\/\/power-fishing.shop\/wp-content\/uploads\/2018\/02\/DSC_0687.jpg 1200w\" sizes=\"(max-width: 300px) 100vw, 300px\" \/><\/p>\n<p>Am n\u00e4chsten Morgen konnte Wolle einen super Spiegler landen. Nachdem wir den Fisch versorgt hatten setzen wir uns und tranken gem\u00fctlich Kaffee. Wir redeten gerade wie gut es gewesen sei das wir gegen unser inneres gesiegt hatten und unseren alten gef\u00fctterten Platz verlassen haben und hierher umgezogen sind. Da meldete sich meine Funke erneut mit einem Dauerton, wieder die Rute an der Kante. Ich war so erschrocken das ich ohne die Watstiefel anzuziehen einfach mit Socken zur Rute rannte bis zu den Knien im Wasser stand und den Fisch nach hartem Drill mit wilden Fluchten erfolgreich keschern konnte Als wir den Fisch wogen blieb die Waage bei 15,5 kg\u00a0 praller Schuppi-Power stehen. Der Fisch war unglaublich Kampstark das sah man\u00a0auch an seinen riesen \u201ePaddeln\u201c.<\/p>\n<p>Alle Fische bis dahin waren in einem super Zustand frei von Verletzungen.<\/p>\n<p><img loading=\"lazy\" decoding=\"async\" class=\"aligncenter wp-image-278 size-medium\" src=\"https:\/\/power-fishing.shop\/wp-content\/uploads\/2018\/02\/IMG_0240-300x225.jpg\" alt=\"\" width=\"300\" height=\"225\" srcset=\"https:\/\/power-fishing.shop\/wp-content\/uploads\/2018\/02\/IMG_0240-300x225.jpg 300w, https:\/\/power-fishing.shop\/wp-content\/uploads\/2018\/02\/IMG_0240-600x450.jpg 600w, https:\/\/power-fishing.shop\/wp-content\/uploads\/2018\/02\/IMG_0240-768x576.jpg 768w, https:\/\/power-fishing.shop\/wp-content\/uploads\/2018\/02\/IMG_0240-1024x768.jpg 1024w, https:\/\/power-fishing.shop\/wp-content\/uploads\/2018\/02\/IMG_0240-416x312.jpg 416w, https:\/\/power-fishing.shop\/wp-content\/uploads\/2018\/02\/IMG_0240.jpg 1200w\" sizes=\"(max-width: 300px) 100vw, 300px\" \/><\/p>\n<p>Unseren Plan behielten wir bei und f\u00fctterten nur ganz wenig und Fischen meist mit Pop Ups oder kleinen \u201eSnowmans\u201c.<\/p>\n<p>Das Futter setze sich meist zusammen aus 1-2 H\u00e4nde voll Partikelmix (Mais, Weizen und Hanf), zwei H\u00e4ndevoll \u201ered hot secret\u201c oder \u201eorange white\u201c halbiert und zerkleinert. Ab und an noch ein Schuss Liquid oder Hanf\u00f6l mit rein dass wars. Am darauf folgenden Tag habe ich leider einen Fisch wegen Schnurbruchs verloren. Sonst war es ruhig. Eine meiner 3 Rute warf\u00a0 ich nur ca. 5 Meter vom Ufer an eine kleine Harten stelle. Diese Rute brachte mir dann in der dritten Nacht am neuen Platz einen Fullrun.<\/p>\n<p><img loading=\"lazy\" decoding=\"async\" class=\"aligncenter wp-image-274 size-medium\" src=\"https:\/\/power-fishing.shop\/wp-content\/uploads\/2018\/02\/DSC_0690-300x199.jpg\" alt=\"\" width=\"300\" height=\"199\" srcset=\"https:\/\/power-fishing.shop\/wp-content\/uploads\/2018\/02\/DSC_0690-300x199.jpg 300w, https:\/\/power-fishing.shop\/wp-content\/uploads\/2018\/02\/DSC_0690-600x398.jpg 600w, https:\/\/power-fishing.shop\/wp-content\/uploads\/2018\/02\/DSC_0690-768x509.jpg 768w, https:\/\/power-fishing.shop\/wp-content\/uploads\/2018\/02\/DSC_0690-1024x678.jpg 1024w, https:\/\/power-fishing.shop\/wp-content\/uploads\/2018\/02\/DSC_0690-416x276.jpg 416w, https:\/\/power-fishing.shop\/wp-content\/uploads\/2018\/02\/DSC_0690.jpg 1200w\" sizes=\"(max-width: 300px) 100vw, 300px\" \/><\/p>\n<p>Der Drill dauerte ewig\u00a0immer wieder nahm der Fisch Schnur von der\u00a0Rolle. Leider war es nicht mein Zielfisch jedoch ein geiler Drill und mein neuer Waller-Pb mit 1,30 Meter.<\/p>\n<p><img loading=\"lazy\" decoding=\"async\" class=\"aligncenter wp-image-279 size-medium\" src=\"https:\/\/power-fishing.shop\/wp-content\/uploads\/2018\/02\/IMG_0245-300x225.jpg\" alt=\"\" width=\"300\" height=\"225\" srcset=\"https:\/\/power-fishing.shop\/wp-content\/uploads\/2018\/02\/IMG_0245-300x225.jpg 300w, https:\/\/power-fishing.shop\/wp-content\/uploads\/2018\/02\/IMG_0245-600x450.jpg 600w, https:\/\/power-fishing.shop\/wp-content\/uploads\/2018\/02\/IMG_0245-768x576.jpg 768w, https:\/\/power-fishing.shop\/wp-content\/uploads\/2018\/02\/IMG_0245-1024x768.jpg 1024w, https:\/\/power-fishing.shop\/wp-content\/uploads\/2018\/02\/IMG_0245-416x312.jpg 416w, https:\/\/power-fishing.shop\/wp-content\/uploads\/2018\/02\/IMG_0245.jpg 1200w\" sizes=\"(max-width: 300px) 100vw, 300px\" \/><\/p>\n<p>Das sollte dann auch erstmal der letze Fisch sein bis zum letzten Tag. Laut Wetterbericht sollte es in der Nacht auf unseren Abreisetag zu Regen beginnen. Wir erhofften uns durch den Wetterumschwung eventuell noch den ein oder anderen Biss. Es sollte auch so kommen das es mitten in der Nacht zu sch\u00fctten begann. Ich kuschelte mich in den Schlafsack und dachte mir hoffentlich rentiert es sich dass wir das Zelt nun nach einer traumhaften Woche im nassen abbauen m\u00fcssen. Und ob es sich rentieren sollte, um etwa 06:45 wurde ich vom Delkim geweckt. Es war wieder die Ufer Rute die um Hilfe schrie. Nach einem knackigen Drill k\u00f6nnten wir im Nieselregen einen wundersch\u00f6nen hellen Schuppi landen.<\/p>\n<p><img loading=\"lazy\" decoding=\"async\" class=\"aligncenter wp-image-280 size-medium\" src=\"https:\/\/power-fishing.shop\/wp-content\/uploads\/2018\/02\/IMG_0251-300x225.jpg\" alt=\"\" width=\"300\" height=\"225\" srcset=\"https:\/\/power-fishing.shop\/wp-content\/uploads\/2018\/02\/IMG_0251-300x225.jpg 300w, https:\/\/power-fishing.shop\/wp-content\/uploads\/2018\/02\/IMG_0251-600x450.jpg 600w, https:\/\/power-fishing.shop\/wp-content\/uploads\/2018\/02\/IMG_0251-768x576.jpg 768w, https:\/\/power-fishing.shop\/wp-content\/uploads\/2018\/02\/IMG_0251-1024x768.jpg 1024w, https:\/\/power-fishing.shop\/wp-content\/uploads\/2018\/02\/IMG_0251-416x312.jpg 416w, https:\/\/power-fishing.shop\/wp-content\/uploads\/2018\/02\/IMG_0251.jpg 1200w\" sizes=\"(max-width: 300px) 100vw, 300px\" \/><\/p>\n<p>Als wir nach erfolgreichem Fotografieren und zur\u00fccksetzen wieder im Zelt sa\u00dfen und uns gerade die Bilder ansahen \u201ehupte\u201c pl\u00f6tzlich die Rute drau\u00dfen an der Kante. Also wieder raus an die Rute, im selben Moment als ich die Rute aufnahm lief die linke Rute auch noch ab. \u201eDoppelrun\u201c rief ich zu Wolle und er kam sofort zur Hilfe und drillte den anderen Fisch. Die Rute die 4 Tage lang keine Aktion brachte lief dann am letzen Morgen auch noch ab. Nachdem wir beide Fische gekeschert hatten \u00a0und in die Retention Slings verfrachteten mussten wir uns erst mal setzen.<\/p>\n<p>&nbsp;<\/p>\n<p><img loading=\"lazy\" decoding=\"async\" class=\"aligncenter wp-image-281 size-medium\" src=\"https:\/\/power-fishing.shop\/wp-content\/uploads\/2018\/02\/IMG_0256-300x225.jpg\" alt=\"\" width=\"300\" height=\"225\" srcset=\"https:\/\/power-fishing.shop\/wp-content\/uploads\/2018\/02\/IMG_0256-300x225.jpg 300w, https:\/\/power-fishing.shop\/wp-content\/uploads\/2018\/02\/IMG_0256-600x450.jpg 600w, https:\/\/power-fishing.shop\/wp-content\/uploads\/2018\/02\/IMG_0256-768x576.jpg 768w, https:\/\/power-fishing.shop\/wp-content\/uploads\/2018\/02\/IMG_0256-1024x768.jpg 1024w, https:\/\/power-fishing.shop\/wp-content\/uploads\/2018\/02\/IMG_0256-416x312.jpg 416w, https:\/\/power-fishing.shop\/wp-content\/uploads\/2018\/02\/IMG_0256.jpg 1200w\" sizes=\"(max-width: 300px) 100vw, 300px\" \/><\/p>\n<p><img loading=\"lazy\" decoding=\"async\" class=\"aligncenter wp-image-275 size-medium\" src=\"https:\/\/power-fishing.shop\/wp-content\/uploads\/2018\/02\/DSC_0706-300x199.jpg\" alt=\"\" width=\"300\" height=\"199\" srcset=\"https:\/\/power-fishing.shop\/wp-content\/uploads\/2018\/02\/DSC_0706-300x199.jpg 300w, https:\/\/power-fishing.shop\/wp-content\/uploads\/2018\/02\/DSC_0706-600x398.jpg 600w, https:\/\/power-fishing.shop\/wp-content\/uploads\/2018\/02\/DSC_0706-768x509.jpg 768w, https:\/\/power-fishing.shop\/wp-content\/uploads\/2018\/02\/DSC_0706-1024x678.jpg 1024w, https:\/\/power-fishing.shop\/wp-content\/uploads\/2018\/02\/DSC_0706-416x276.jpg 416w, https:\/\/power-fishing.shop\/wp-content\/uploads\/2018\/02\/DSC_0706.jpg 1200w\" sizes=\"(max-width: 300px) 100vw, 300px\" \/><\/p>\n<p>Wir fotografierten beide Fische einzeln und danach durften beide mit uns auf Doppelfoto.<\/p>\n<p><img loading=\"lazy\" decoding=\"async\" class=\"aligncenter wp-image-282 size-medium\" src=\"https:\/\/power-fishing.shop\/wp-content\/uploads\/2018\/02\/IMG_0260-300x225.jpg\" alt=\"\" width=\"300\" height=\"225\" srcset=\"https:\/\/power-fishing.shop\/wp-content\/uploads\/2018\/02\/IMG_0260-300x225.jpg 300w, https:\/\/power-fishing.shop\/wp-content\/uploads\/2018\/02\/IMG_0260-600x450.jpg 600w, https:\/\/power-fishing.shop\/wp-content\/uploads\/2018\/02\/IMG_0260-768x576.jpg 768w, https:\/\/power-fishing.shop\/wp-content\/uploads\/2018\/02\/IMG_0260-1024x768.jpg 1024w, https:\/\/power-fishing.shop\/wp-content\/uploads\/2018\/02\/IMG_0260-416x312.jpg 416w, https:\/\/power-fishing.shop\/wp-content\/uploads\/2018\/02\/IMG_0260.jpg 1200w\" sizes=\"(max-width: 300px) 100vw, 300px\" \/><\/p>\n<p>Das war ein kr\u00f6nender Abschluss einer tollen Woche mit super Wetter, leckerem Essen und wunderbaren und kampfstarken Fischen. Da konnten wir dann \u00fcber das Packen im Regen nur noch Grinsen.<\/p>\n<p>In diesem Sinne<\/p>\n<p>Power-Fishing weils f\u00e4ngt<\/p>\n<p>&nbsp;<\/p>\n<p>Manuel Kindl<\/p>\n","protected":false},"excerpt":{"rendered":"<p>Wolfgang und ich hatten schon l\u00e4nger einen Trip ins Ausland geplant, doch immer wieder wurde uns ein Strich durch die Rechnung gemacht. Diesmal allerdings sollte es klappen und wir planten einen einw\u00f6chigen Trip nach Nordfrankreich. Ich entschied mich f\u00fcr die neuen White Orange Boilies und die guten alten Red Hot Secret, die mir Markus dann [&hellip;]<\/p>\n","protected":false},"author":1,"featured_media":0,"parent":161,"menu_order":0,"comment_status":"closed","ping_status":"closed","template":"","meta":{"footnotes":""},"class_list":["post-257","page","type-page","status-publish","hentry"],"_links":{"self":[{"href":"https:\/\/power-fishing.shop\/index.php?rest_route=\/wp\/v2\/pages\/257","targetHints":{"allow":["GET"]}}],"collection":[{"href":"https:\/\/power-fishing.shop\/index.php?rest_route=\/wp\/v2\/pages"}],"about":[{"href":"https:\/\/power-fishing.shop\/index.php?rest_route=\/wp\/v2\/types\/page"}],"author":[{"embeddable":true,"href":"https:\/\/power-fishing.shop\/index.php?rest_route=\/wp\/v2\/users\/1"}],"replies":[{"embeddable":true,"href":"https:\/\/power-fishing.shop\/index.php?rest_route=%2Fwp%2Fv2%2Fcomments&post=257"}],"version-history":[{"count":9,"href":"https:\/\/power-fishing.shop\/index.php?rest_route=\/wp\/v2\/pages\/257\/revisions"}],"predecessor-version":[{"id":323,"href":"https:\/\/power-fishing.shop\/index.php?rest_route=\/wp\/v2\/pages\/257\/revisions\/323"}],"up":[{"embeddable":true,"href":"https:\/\/power-fishing.shop\/index.php?rest_route=\/wp\/v2\/pages\/161"}],"wp:attachment":[{"href":"https:\/\/power-fishing.shop\/index.php?rest_route=%2Fwp%2Fv2%2Fmedia&parent=257"}],"curies":[{"name":"wp","href":"https:\/\/api.w.org\/{rel}","templated":true}]}}